NOAA-Style Climate Reports

Select a Year or Month report
2020: Jan Feb Mar Apr May Jun Jul Aug Sep Oct Nov Dec
2019: Jan Feb Mar Apr May Jun Jul Aug Sep Oct Nov Dec
2018: Jan Feb Mar Apr May Jun Jul Aug Sep Oct Nov Dec
2017: Jan Feb Mar Apr May Jun Jul Aug Sep Oct Nov Dec
2016: Jan Feb Mar Apr May Jun Jul Aug Sep Oct Nov Dec

Report for 2020 April
                   Monthly Climatological Summary for Apr 2020

Name: www.boulderwx.com   City: Boulder   State: Colorado
Elevation: 6660 ft  Lat: N 40 03 55   Lon: W 105 19 36

                  Temperature (°F), Rain (in), Wind Speed (mph)

                                      Heat  Cool        Avg
    Mean                              Deg   Deg         Wind                 Dom
Day Temp  High   Time   Low    Time   Days  Days  Rain  Speed High   Time    Dir
----------------------------------------------------------------------------------
01  54.2  66.2   15:46  38.7   23:59   0.0   0.0  0.00   3.9  25.0   11:23   SSE
02  22.8  38.8   00:00  16.3   21:10  17.2   0.0  0.05   3.2  15.0   09:38   ESE
03  23.8  32.2   17:54  13.4   06:42  16.2   0.0  0.01   0.2   6.0   04:59   ESE
04  39.0  51.4   18:13  25.7   06:49   4.8   0.0  0.02   2.5  15.0   13:40    SE
05  57.0  64.2   16:44  49.7   09:27   0.0   0.0  0.00   1.6   9.0   21:54     S
06  57.1  67.4   15:54  48.7   05:35   0.0   0.0  0.00   4.2  25.0   14:27     S
07  57.1  65.9   15:40  50.0   06:22   0.0   0.0  0.00   4.3  29.0   15:36   WSW
08  53.6  67.4   14:24  44.1   23:58   0.0   0.0  0.00   1.7  15.0   15:38     W
09  42.8  49.0   16:44  34.9   06:00   0.7   0.0  0.00   3.8  20.0   12:54     E
10  55.0  68.6   14:59  41.5   01:42   0.0   0.0  0.00   5.6  28.0   22:08    NW
11  54.5  64.0   14:20  32.3   23:59   0.2   0.0  0.00   4.1  28.0   22:32    NW
12  18.4  32.4   00:00  15.6   09:30  21.7   0.0  0.36   3.7  21.0   02:54   ESE
13  15.6  19.6   14:12  11.0   06:07  24.4   0.0  0.10   2.1  13.0   02:42   ESE
14  27.0  39.0   16:18  14.6   03:53  13.0   0.0  0.00   4.9  30.0   17:10   WNW
15  36.3  48.6   15:30  29.2   23:55   4.9   0.0  0.17   4.8  34.0   17:02    NW
16  22.6  29.6   00:46  16.9   23:21  17.4   0.0  0.39   3.1  24.0   05:10    NE
17  31.4  48.1   16:45  14.2   04:01  10.2   0.0  0.11   2.9  18.0   14:07   WSW
18  45.5  53.5   12:15  41.0   20:04   0.0   0.0  0.00   3.8  18.0   14:58    SW
19  43.8  55.8   15:32  33.5   06:29   1.2   0.0  0.00   4.4  22.0   17:26   WNW
20  48.8  57.2   16:49  38.6   03:53   0.1   0.0  0.00   3.7  20.0   10:11    NW
21  51.7  59.3   15:07  43.9   03:50   0.0   0.0  0.00   4.2  18.0   12:48     S
22  54.2  59.5   09:59  50.7   13:25   0.0   0.0  0.00   5.7  23.0   11:17    NW
23  51.7  62.0   15:36  43.1   23:59   0.0   0.0  0.01   7.1  34.0   10:52    NW
24  43.5  52.7   17:54  36.1   05:31   0.5   0.0  0.04   4.5  25.0   16:55   NNE
25  47.8  59.8   15:48  36.9   04:47   0.5   0.0  0.00   3.8  24.0   18:07   NNW
26  57.1  65.4   11:04  50.3   03:38   0.0   0.0  0.00   5.9  40.0   16:34    NW
27  62.1  73.5   17:51  51.4   02:24   0.0   0.0  0.00   4.9  24.0   13:00   WNW
28  58.4  66.3   15:50  47.9   23:58   0.0   0.0  0.00   5.6  32.0   09:47    NW
29  53.7  67.2   17:09  40.8   06:48   0.0   0.0  0.00   0.8   7.0   02:04   WNW
30  65.7  77.7   16:39  54.1   01:19   0.0   0.0  0.00   3.1  38.0   19:49   SSW
----------------------------------------------------------------------------------
    45.1  77.7    30    11.0    13   133.0   0.0  1.26   4.0  40.0    26     WNW

Max >=  27.0 29
Max <=  27.0  1
Min <=   0.0  0
Min <=   0.0  0
Max Rain: 0.39 on day 16
Days of Rain: 2 (>= 0.20 in)  0 (>= 2.00 in)  0 (>= 20.00 in)
Heat Base: 40.0  Cool Base: 80.0  Method: Integration