NOAA-Style Climate Reports

Select a Year or Month report
2020: Jan Feb Mar Apr May Jun Jul Aug Sep Oct Nov Dec
2019: Jan Feb Mar Apr May Jun Jul Aug Sep Oct Nov Dec
2018: Jan Feb Mar Apr May Jun Jul Aug Sep Oct Nov Dec
2017: Jan Feb Mar Apr May Jun Jul Aug Sep Oct Nov Dec
2016: Jan Feb Mar Apr May Jun Jul Aug Sep Oct Nov Dec

Report for 2020 March
                   Monthly Climatological Summary for Mar 2020

Name: www.boulderwx.com   City: Boulder   State: Colorado
Elevation: 6660 ft  Lat: N 40 03 55   Lon: W 105 19 36

                  Temperature (°F), Rain (in), Wind Speed (mph)

                                      Heat  Cool        Avg
    Mean                              Deg   Deg         Wind                 Dom
Day Temp  High   Time   Low    Time   Days  Days  Rain  Speed High   Time    Dir
----------------------------------------------------------------------------------
01  43.3  44.9   02:26  22.3   23:34   7.8   0.0  0.15   3.0  20.0   07:49   ENE
02  31.4  42.3   16:32  20.3   06:30   8.7   0.0  0.00   5.5  32.0   13:18   NNW
03  43.7  54.7   15:06  33.3   06:58   1.0   0.0  0.00   6.3  35.0   00:49    NW
04  49.4  56.4   10:16  37.8   00:00   0.1   0.0  0.00   6.3  39.0   12:06   WNW
05  49.7  54.1   00:00  38.7   23:34   0.1   0.0  0.00   5.6  10.0   15:55   WNW
06  50.9  61.4   15:04  38.1   00:17   0.2   0.0  0.00   2.8  14.0   17:44    SW
07  54.7  63.8   13:55  48.9   04:37   0.0   0.0  0.00   3.6  20.0   14:04   SSW
08  51.7  63.4   14:01  37.7   23:34   0.1   0.0  0.04   4.1  30.0   15:55   WSW
09  42.6  55.7   16:07  33.9   06:09   2.3   0.0  0.00   2.9  18.0   00:04    SE
10  46.5  55.1   13:05  39.7   06:47   0.0   0.0  0.00   6.3  32.0   12:18   WNW
11  50.4  60.9   14:04  42.2   05:35   0.0   0.0  0.00   5.3  36.0   13:01     W
12  38.1  49.4   02:05  27.8   23:49   4.5   0.0  0.00   4.4  31.0   04:30     E
13  28.9  32.0   15:46  26.9   07:52  11.1   0.0  0.09   1.3  12.0   21:34     E
14  28.2  32.1   17:31  25.4   06:03  11.8   0.0  0.00   1.2  10.0   13:42   ESE
15  36.1  46.6   17:17  27.0   07:53   5.8   0.0  0.00   1.7  14.0   22:01    SE
16  44.2  55.1   10:37  32.8   23:55   0.8   0.0  0.00   4.0  17.0   10:29    SE
17  37.5  48.1   18:06  31.4   07:54   4.2   0.0  0.00   0.4   9.0   00:00   ENE
18  47.6  55.3   11:15  38.4   23:58   0.1   0.0  0.00   4.8  27.0   19:57    NE
19  31.2  38.4   00:00  20.8   23:37   8.8   0.0  1.06   1.9  20.0   10:09     N
20  19.0  22.9   23:59  17.0   07:58  21.0   0.0  0.02   0.0   0.0   00:00     N
21  35.5  43.8   13:37  22.9   00:00   4.8   0.0  0.00   1.2  11.0   17:01   SSE
22  40.3  46.8   17:18  34.6   04:36   1.3   0.0  0.00   4.0  27.0   10:39   WNW
23  42.1  48.8   16:11  36.5   06:52   0.5   0.0  0.00   4.1  33.0   21:53   WSW
24  46.8  56.3   15:03  39.1   00:36   0.0   0.0  0.00   4.4  24.0   15:11   WNW
25  50.6  58.8   15:24  43.1   23:55   0.0   0.0  0.00   4.8  30.0   10:12   SSW
26  40.4  45.1   15:23  34.0   06:34   0.9   0.0  0.00   3.4  17.0   11:26   ESE
27  32.4  41.2   00:00  29.1   09:14   7.6   0.0  0.25   1.5  11.0   08:41     E
28  34.1  43.0   15:15  26.2   02:40   6.1   0.0  0.00   6.6  37.0   06:06    NW
29  39.6  47.5   15:17  32.3   06:19   1.9   0.0  0.00   3.8  24.0   04:03   ESE
30  43.1  50.8   16:46  36.1   05:27   0.6   0.0  0.00   3.6  27.0   17:17    NW
31  50.5  62.0   13:48  40.5   04:07   0.0   0.0  0.00   4.0  26.0   17:01   SSW
----------------------------------------------------------------------------------
    41.3  63.8     7    17.0    20   112.1   0.0  1.61   3.6  39.0     4     WNW

Max >=  27.0 30
Max <=  27.0  1
Min <=   0.0  0
Min <=   0.0  0
Max Rain: 1.06 on day 19
Days of Rain: 2 (>= 0.20 in)  0 (>= 2.00 in)  0 (>= 20.00 in)
Heat Base: 40.0  Cool Base: 80.0  Method: Integration