NOAA-Style Climate Reports

Select a Year or Month report
2020: Jan Feb Mar Apr May Jun Jul Aug Sep Oct Nov Dec
2019: Jan Feb Mar Apr May Jun Jul Aug Sep Oct Nov Dec
2018: Jan Feb Mar Apr May Jun Jul Aug Sep Oct Nov Dec
2017: Jan Feb Mar Apr May Jun Jul Aug Sep Oct Nov Dec
2016: Jan Feb Mar Apr May Jun Jul Aug Sep Oct Nov Dec

Report for 2020 February
                   Monthly Climatological Summary for Feb 2020

Name: www.boulderwx.com   City: Boulder   State: Colorado
Elevation: 6660 ft  Lat: N 40 03 55   Lon: W 105 19 36

                  Temperature (°F), Rain (in), Wind Speed (mph)

                                      Heat  Cool        Avg
    Mean                              Deg   Deg         Wind                 Dom
Day Temp  High   Time   Low    Time   Days  Days  Rain  Speed High   Time    Dir
----------------------------------------------------------------------------------
01  45.4  57.0   12:11  41.4   03:18   0.0   0.0  0.00   6.8  40.0   08:04    NW
02  53.8  69.3   12:56  27.8   23:52   0.7   0.0  0.00   4.8  34.0   21:05   SSE
03  27.8  27.8   00:00  10.3   23:49  22.8   0.0  0.20   3.0  16.0   10:41     E
04   8.7  12.3   12:00   4.7   23:15  30.8   0.0  0.05   1.6  10.0   09:00   ESE
05  15.4  22.2   14:23   3.8   01:26  24.6   0.0  0.00   4.2  27.0   19:09    NW
06  28.5  38.3   11:40  19.5   00:36  11.5   0.0  0.09   6.0  34.0   04:47    NW
07  22.6  27.0   23:07  19.8   05:54  17.4   0.0  0.13   1.5  10.0   05:40     S
08  37.3  50.8   13:54  24.7   02:23   5.2   0.0  0.00   3.8  38.0   14:36   SSW
09  22.2  34.0   00:03  17.4   20:55  17.8   0.0  0.10   3.6  20.0   07:20   ESE
10  21.1  26.6   12:22  16.5   03:44  18.9   0.0  0.16   3.0  17.0   10:47   ENE
11  24.3  34.4   21:18  12.6   06:51  15.7   0.0  0.02   2.4  25.0   23:19     W
12  26.0  34.7   10:05  16.8   23:55  14.0   0.0  0.10   5.0  27.0   10:07   NNW
13  17.8  22.6   15:03  14.3   07:00  22.2   0.0  0.00   1.8  11.0   08:30    SE
14  43.7  54.6   13:32  21.3   00:00   1.6   0.0  0.00   4.4  35.0   18:11    SW
15  30.0  42.8   00:09  23.1   04:49  10.1   0.0  0.00   4.5  21.0   01:02     E
16  36.9  45.2   14:38  26.8   02:47   3.7   0.0  0.00   3.9  18.0   19:10    NE
17  31.9  40.9   13:43  19.7   23:30   8.1   0.0  0.06   5.5  26.0   16:02   SSE
18  23.0  29.2   13:24  16.7   03:09  17.0   0.0  0.00   3.0  14.0   07:44   NNW
19  16.9  23.7   00:00   9.1   23:53  23.1   0.0  0.10   2.6  15.0   17:41   ESE
20  22.9  36.8   23:34   8.5   01:28  17.1   0.0  0.00   2.0  10.0   22:39   SSW
21  43.6  55.0   12:00  34.1   01:07   1.0   0.0  0.00   2.7  19.0   09:45     S
22  46.9  52.1   13:17  41.7   00:00   0.0   0.0  0.00   5.7  33.0   01:28   NNW
23  36.9  44.6   00:05  31.7   06:35   3.4   0.0  0.00   3.1  23.0   23:23    NW
24  30.9  39.0   02:51  23.4   18:47   9.1   0.0  0.00   6.3  36.0   03:39    NW
25  20.2  24.8   00:00  12.3   23:43  19.8   0.0  0.00   4.8  31.0   09:55     N
26  28.4  40.4   15:01  12.2   00:46  11.6   0.0  0.00   4.4  29.0   21:46    NW
27  37.7  44.7   13:33  31.6   04:09   2.9   0.0  0.00   8.5  41.0   22:11    NW
28  44.4  54.3   13:24  36.9   02:48   0.8   0.0  0.00   6.6  37.0   00:14    NW
29  46.5  56.5   14:37  41.9   23:28   0.0   0.0  0.00   3.4  20.0   08:07     W
----------------------------------------------------------------------------------
    30.7  69.3     2     3.8     5   330.9   0.0  1.01   4.1  41.0    27      NW

Max >=  27.0 23
Max <=  27.0  7
Min <=   0.0  0
Min <=   0.0  0
Max Rain: 0.20 on day 3
Days of Rain: 1 (>= 0.20 in)  0 (>= 2.00 in)  0 (>= 20.00 in)
Heat Base: 40.0  Cool Base: 80.0  Method: Integration