NOAA-Style Climate Reports

Select a Year or Month report
2020: Jan Feb Mar Apr May Jun Jul Aug Sep Oct Nov Dec
2019: Jan Feb Mar Apr May Jun Jul Aug Sep Oct Nov Dec
2018: Jan Feb Mar Apr May Jun Jul Aug Sep Oct Nov Dec
2017: Jan Feb Mar Apr May Jun Jul Aug Sep Oct Nov Dec
2016: Jan Feb Mar Apr May Jun Jul Aug Sep Oct Nov Dec

Report for 2020 January
                   Monthly Climatological Summary for Jan 2020

Name: www.boulderwx.com   City: Boulder   State: Colorado
Elevation: 6660 ft  Lat: N 40 03 55   Lon: W 105 19 36

                  Temperature (°F), Rain (in), Wind Speed (mph)

                                      Heat  Cool        Avg
    Mean                              Deg   Deg         Wind                 Dom
Day Temp  High   Time   Low    Time   Days  Days  Rain  Speed High   Time    Dir
----------------------------------------------------------------------------------
01  40.1  47.3   09:26  34.0   23:28   1.4   0.0  0.00   6.4  47.0   11:23    NW
02  34.3  42.3   11:08  29.3   23:59   5.5   0.0  0.00   6.1  29.0   02:09    NW
03  29.4  41.6   20:13  28.8   01:06   4.2   0.0  0.00   7.4  37.0   16:34    NW
04  38.8  60.0   14:19  38.0   01:13   0.1   0.0  0.00   6.9  40.0   22:54   NNW
05  39.8  39.9   00:01  28.5   21:04   6.0   0.0  0.00   5.8  33.0   00:22     N
06  31.3  38.7   23:38  26.8   04:06   8.1   0.0  0.00   9.6  44.0   02:02    NW
07  43.2  50.4   14:47  36.1   00:30   0.5   0.0  0.01   5.1  55.0   04:30    NW
08  44.4  56.8   13:15  33.4   23:11   0.7   0.0  0.00   4.3  24.0   12:03   WNW
09  32.7  39.4   13:02  27.9   07:25   7.3   0.0  0.00   3.6  29.0   02:45   NNW
10  22.7  30.0   00:06  13.4   22:27  17.3   0.0  0.00   3.0  17.0   10:27    SE
11  26.5  42.5   12:10  12.5   04:34  13.5   0.0  0.00   3.9  33.0   10:27    NW
12  29.8  37.7   13:39  25.5   22:33  10.2   0.0  0.00   4.2  28.0   10:13   WNW
13  31.3  37.9   13:17  24.6   06:01   8.7   0.0  0.00   5.1  35.0   16:40   NNW
14  40.6  51.4   12:45  33.3   00:00   1.7   0.0  0.00   3.3  28.0   12:48   SSW
15  31.7  36.6   14:21  26.3   22:44   8.3   0.0  0.00   4.8  19.0   01:56   NNE
16  28.4  36.3   21:43  22.8   06:20  11.6   0.0  0.00   1.3   9.0   12:00     S
17  36.8  51.5   10:17  25.5   23:58   4.6   0.0  0.00   8.5  47.0   19:16    NW
18  28.3  36.4   11:26  22.7   06:14  11.7   0.0  0.00   3.6  26.0   01:40    SW
19  33.1  40.0   14:22  25.5   07:01   6.9   0.0  0.00   2.5  16.0   13:14     S
20  39.7  45.6   11:13  33.9   00:22   1.3   0.0  0.00   1.6  10.0   05:25   SSE
21  44.4  51.5   11:18  37.3   00:33   0.2   0.0  0.00   1.7  13.0   23:53   SSW
22  39.5  45.8   11:54  32.3   23:58   1.4   0.0  0.00   6.5  30.0   19:23    NW
23  33.3  38.8   22:27  26.5   06:59   6.7   0.0  0.00   4.7  21.0   17:39   NNW
24  41.4  49.1   13:51  36.9   05:23   0.6   0.0  0.00   3.3  24.0   23:19    NW
25  42.2  51.0   12:51  36.4   03:08   0.2   0.0  0.00   4.6  24.0   13:52    NW
26  41.5  50.2   13:31  34.9   04:46   0.9   0.0  0.00   4.4  27.0   00:55     W
27  36.0  44.5   00:23  32.7   23:58   4.2   0.0  0.00   3.1  31.0   22:15     W
28  35.1  44.2   14:05  29.0   03:45   5.2   0.0  0.00   4.2  22.0   11:34    NW
29  33.3  39.7   13:05  27.4   23:30   6.7   0.0  0.00   2.7  15.0   13:29   ESE
30  30.8  37.7   10:38  26.2   01:13   9.2   0.0  0.00   3.4  31.0   18:36    SW
31  39.2  47.8   11:28  26.7   00:00   3.0   0.0  0.00   5.9  28.0   06:47    NW
----------------------------------------------------------------------------------
    35.5  60.0     4    12.5    11   167.9   0.0  0.01   4.1  55.0     7      NW

Max >=  27.0 31
Max <=  27.0  0
Min <=   0.0  0
Min <=   0.0  0
Max Rain: 0.01 on day 7
Days of Rain: 0 (>= 0.20 in)  0 (>= 2.00 in)  0 (>= 20.00 in)
Heat Base: 40.0  Cool Base: 80.0  Method: Integration