NOAA-Style Climate Reports

Select a Year or Month report
2019: Jan Feb Mar Apr May Jun Jul Aug Sep Oct Nov Dec
2018: Jan Feb Mar Apr May Jun Jul Aug Sep Oct Nov Dec
2017: Jan Feb Mar Apr May Jun Jul Aug Sep Oct Nov Dec
2016: Jan Feb Mar Apr May Jun Jul Aug Sep Oct Nov Dec

Report for 2019 January
                   Monthly Climatological Summary for Jan 2019

Name: www.boulderwx.com   City: Boulder   State: Colorado
Elevation: 6660 ft  Lat: N 40 03 55   Lon: W 105 19 36

                  Temperature (°F), Rain (in), Wind Speed (mph)

                                      Heat  Cool        Avg
    Mean                              Deg   Deg         Wind                 Dom
Day Temp  High   Time   Low    Time   Days  Days  Rain  Speed High   Time    Dir
----------------------------------------------------------------------------------
01   6.4  23.6   23:57  -1.6   07:31  33.6   0.0  0.00   1.4   9.0   13:01     S
02  32.1  38.4   13:40  22.9   01:34   7.9   0.0  0.00   2.2   9.0   01:52   WSW
03  45.1  54.0   14:25  35.3   00:31   0.6   0.0  0.00   2.8  13.0   20:54   WSW
04  51.1  60.5   12:17  44.5   06:59   0.0   0.0  0.00   3.5  22.0   03:56    NW
05  49.1  59.4   10:11  42.2   23:42   0.0   0.0  0.00   2.7  16.0   09:07   WNW
06  43.0  52.2   12:35  33.2   21:08   0.9   0.0  0.00   4.5  25.0   11:33     W
07  38.1  43.3   21:48  32.6   04:04   2.4   0.0  0.00   7.7  51.0   21:47     N
08  34.0  41.9   09:33  29.4   02:42   6.0   0.0  0.00   3.4  22.0   00:05   SSW
09  41.0  51.4   16:43  31.4   01:36   2.7   0.0  0.00   1.3  12.0   15:20   SSW
10  48.1  53.7   09:37  40.9   23:52   0.0   0.0  0.00   2.3  13.0   22:28   SSW
11  32.8  41.5   01:43  29.5   23:08   7.3   0.0  0.49   2.5  18.0   12:10   NNE
12  29.4  32.1   11:06  27.9   18:38  10.5   0.0  0.00   1.6   9.0   23:09    SW
13  30.1  34.9   14:26  24.9   07:21   9.9   0.0  0.00   1.9   9.0   23:17    SW
14  37.7  45.2   10:48  30.1   01:46   3.1   0.0  0.00   2.8  11.0   02:17   WSW
15  39.8  44.9   11:09  35.1   01:12   1.1   0.0  0.00   1.8  12.0   15:03    SW
16  40.3  48.4   11:20  36.0   06:43   1.0   0.0  0.00   3.2  21.0   20:24    NW
17  43.0  50.4   10:36  38.1   01:37   0.3   0.0  0.00   4.9  27.0   13:54     E
18  33.5  45.0   00:00  28.7   18:12   6.6   0.0  0.11   3.6  24.0   13:06     N
19  36.9  43.3   18:01  28.5   06:31   3.7   0.0  0.00   8.5  42.0   12:44   NNW
20  45.0  51.5   09:51  41.1   17:21   0.0   0.0  0.00   3.1  25.0   01:05     N
21  41.1  54.9   11:11  23.3   23:34   2.5   0.0  0.13   5.4  29.0   01:30    NE
22  22.4  27.0   13:23  19.7   07:43  17.6   0.0  0.01   4.3  31.0   05:22    NE
23  30.0  36.4   10:44  22.3   00:00  10.0   0.0  0.00   8.9  45.0   12:43   NNW
24  20.9  28.4   03:35  14.5   09:07  19.1   0.0  0.09   2.5  27.0   07:21   ESE
25  28.0  31.9   13:01  23.6   08:19  12.0   0.0  0.00   4.4  27.0   22:06     N
26  35.3  42.3   14:58  27.5   02:35   4.8   0.0  0.00   6.3  34.0   06:33   NNW
27  41.0  46.0   09:07  35.2   03:22   0.7   0.0  0.00   9.5  45.0   09:57   NNW
28  20.8  37.8   00:00  16.8   10:45  19.3   0.0  0.09   3.9  19.0   10:14   SSE
29  24.6  35.4   16:16  12.5   07:08  15.4   0.0  0.00   4.8  30.0   06:01    NW
30  36.6  45.3   12:53  17.0   01:34   4.1   0.0  0.00   5.8  39.0   14:10    NW
31  40.4  46.9   11:53  35.2   05:25   1.0   0.0  0.00   3.6  29.0   00:27   WSW
----------------------------------------------------------------------------------
    35.4  60.5     4    -1.6     1   204.1   0.0  0.92   4.0  51.0     7     NNW

Max >=  27.0 30
Max <=   0.0  0
Min <=   0.0  1
Min <= -18.0  0
Max Rain: 0.49 on day 11
Days of Rain: 1 (>= 0.20 in)  0 (>= 2.00 in)  0 (>= 20.00 in)
Heat Base: 40.0  Cool Base: 80.0  Method: Integration