NOAA-Style Climate Reports

Select a Year or Month report
2019: Jan Feb Mar Apr May Jun Jul Aug Sep Oct Nov Dec
2018: Jan Feb Mar Apr May Jun Jul Aug Sep Oct Nov Dec
2017: Jan Feb Mar Apr May Jun Jul Aug Sep Oct Nov Dec
2016: Jan Feb Mar Apr May Jun Jul Aug Sep Oct Nov Dec

Report for 2018 November
                   Monthly Climatological Summary for Nov 2018

Name: www.boulderwx.com   City: Boulder   State: Colorado
Elevation: 6660 ft  Lat: N 40 03 55   Lon: W 105 19 36

                  Temperature (°F), Rain (in), Wind Speed (mph)

                                      Heat  Cool        Avg
    Mean                              Deg   Deg         Wind                 Dom
Day Temp  High   Time   Low    Time   Days  Days  Rain  Speed High   Time    Dir
----------------------------------------------------------------------------------
01  41.1  46.5   14:04  35.5   01:39   1.3   0.0  0.00   5.9  30.0   12:55   NNW
02  47.1  57.0   10:14  35.7   07:33   0.7   0.0  0.13   6.4  43.0   12:12   NNW
03  40.4  46.6   13:58  32.8   23:54   1.3   0.0  0.00   2.7  23.0   01:14     N
04  40.2  49.9   15:06  31.6   01:13   2.4   0.0  0.00   3.9  30.0   20:26   NNW
05  40.7  47.0   12:19  34.1   23:50   0.6   0.0  0.00   5.2  29.0   10:23   NNW
06  37.1  42.4   11:46  32.6   22:37   3.2   0.0  0.00   5.0  30.0   11:09   NNW
07  27.6  33.8   12:25  21.3   07:10  12.4   0.0  0.00   1.9  11.0   12:26    SE
08  28.4  34.6   15:39  22.7   07:56  11.5   0.0  0.00   3.5  24.0   15:53   NNW
09  30.6  40.2   23:39  17.1   07:56   9.4   0.0  0.00   3.7  23.0   02:11   NNW
10  40.8  52.1   12:47  26.0   23:57   2.4   0.0  0.00   4.9  37.0   02:08   SSE
11  20.6  26.0   00:00  17.5   22:12  19.4   0.0  0.36   2.8  19.0   13:04   ESE
12  18.9  23.1   15:24  14.6   06:42  21.1   0.0  0.01   2.1  10.0   11:46   SSW
13  35.8  43.7   12:45  22.7   00:00   4.9   0.0  0.00   3.5  12.0   08:52   WSW
14  48.9  56.4   15:30  41.5   00:03   0.0   0.0  0.00   3.6  19.0   21:49   WNW
15  48.7  55.3   12:51  41.9   23:20   0.0   0.0  0.00   4.0  22.0   01:24   NNE
16  46.9  54.9   13:19  33.9   23:57   0.6   0.0  0.00   5.1  27.0   15:30   NNW
17  22.9  33.9   00:00  16.4   20:27  17.1   0.0  0.17   3.0  17.0   08:51    SE
18  32.3  45.6   15:25  14.9   02:12   8.2   0.0  0.00   2.4  15.0   16:58   WNW
19  37.5  43.3   12:19  30.8   01:33   2.9   0.0  0.00   2.3  11.0   05:25     S
20  42.6  50.8   12:47  33.0   02:06   1.7   0.0  0.00   2.2  10.0   12:21   SSW
21  49.7  56.0   15:28  42.1   00:57   0.0   0.0  0.00   2.8  11.0   13:18    SW
22  48.6  58.4   12:12  41.0   23:59   0.0   0.0  0.00   3.6  25.0   23:37   WNW
23  40.6  44.8   21:43  37.1   04:16   0.5   0.0  0.00   8.5  39.0   10:43     N
24  38.0  49.9   08:47  29.1   21:29   3.8   0.0  0.00   6.9  36.0   08:19   NNW
25  30.6  36.0   11:16  25.4   06:14   9.4   0.0  0.00   4.2  29.0   00:08   NNW
26  38.2  44.6   12:31  26.8   01:33   3.3   0.0  0.00   7.3  34.0   17:45   NNW
27  45.5  51.7   12:45  39.5   06:18   0.0   0.0  0.00   6.8  32.0   17:50   NNW
28  46.9  51.9   11:08  41.2   23:58   0.0   0.0  0.00   7.0  40.0   02:38     N
29  36.7  41.6   00:50  32.8   08:42   3.4   0.0  0.00   2.6  14.0   11:19   SSE
30  31.6  37.0   21:28  27.6   07:36   8.4   0.0  0.00   1.5  24.0   21:24     W
----------------------------------------------------------------------------------
    37.9  58.4    22    14.6    12   149.9   0.0  0.67   4.2  43.0     2     NNW

Max >=  27.0 28
Max <=   0.0  0
Min <=   0.0  0
Min <= -18.0  0
Max Rain: 0.36 on day 11
Days of Rain: 1 (>= 0.20 in)  0 (>= 2.00 in)  0 (>= 20.00 in)
Heat Base: 40.0  Cool Base: 80.0  Method: Integration