NOAA-Style Climate Reports

Select a Year or Month report
2018: Jan Feb Mar Apr May Jun Jul Aug Sep Oct Nov Dec
2017: Jan Feb Mar Apr May Jun Jul Aug Sep Oct Nov Dec
2016: Jan Feb Mar Apr May Jun Jul Aug Sep Oct Nov Dec

Report for 2018 August
                   Monthly Climatological Summary for Aug 2018

Name: www.boulderwx.com   City: Boulder   State: Colorado
Elevation: 6660 ft  Lat: N 40 03 55   Lon: W 105 19 36

                  Temperature (°F), Rain (in), Wind Speed (mph)

                                      Heat  Cool        Avg
    Mean                              Deg   Deg         Wind                 Dom
Day Temp  High   Time   Low    Time   Days  Days  Rain  Speed High   Time    Dir
----------------------------------------------------------------------------------
01  69.5  76.4   14:08  64.2   21:27   0.0   0.0  0.00   2.9  32.0   19:43   ESE
02  74.7  83.4   14:19  64.2   03:43   0.0   0.3  0.00   2.5  16.0   13:10   ESE
03  70.6  76.7   00:00  61.6   13:17   0.0   0.0  0.04   3.9  39.0   20:17    NW
04  78.1  90.6   13:44  67.7   02:23   0.0   1.7  0.00   5.8  30.0   15:30    NW
05  70.3  78.7   13:31  60.9   23:59   0.0   0.0  0.00   4.1  22.0   06:03    NE
06  65.1  75.5   15:50  59.3   04:52   0.0   0.0  0.00   3.6  27.0   18:46     E
07  68.8  80.2   16:11  58.9   05:38   0.0   0.0  0.00   3.8  25.0   18:20     E
08  66.7  77.1   15:49  57.7   11:46   0.0   0.0  0.00   2.7  18.0   09:41   ESE
09  73.7  82.8   15:11  65.2   06:32   0.0   0.0  0.00   3.5  21.0   15:48   ESE
10  74.3  82.9   15:14  66.0   05:51   0.0   0.1  0.00   3.6  23.0   16:33   ESE
11  74.3  84.5   17:06  66.6   05:21   0.0   0.4  0.00   3.2  19.0   13:54     E
12  72.4  81.7   17:25  61.8   06:09   0.0   0.1  0.00   2.8  19.0   16:16    SE
13  71.3  79.0   16:51  63.1   04:28   0.0   0.0  0.00   3.3  19.0   13:54    SE
14  65.1  73.6   12:59  57.9   21:35   0.0   0.0  0.34   2.9  22.0   17:43   ESE
15  71.7  79.0   16:01  61.1   00:11   0.0   0.0  0.00   4.1  17.0   05:39   ESE
16  71.8  79.1   14:05  63.9   06:58   0.0   0.0  0.00   2.9  14.0   22:34    SE
17  70.8  80.9   16:48  63.8   22:26   0.0   0.0  0.00   2.8  18.0   19:51    SE
18  65.6  71.9   15:24  49.6   22:46   0.0   0.0  0.03   2.8  22.0   19:51   SSE
19  59.5  66.0   13:59  55.1   23:51   0.0   0.0  0.02   3.0  16.0   11:41   SSE
20  58.8  68.6   15:11  48.8   07:17   0.0   0.0  0.00   2.5  18.0   13:50   ESE
21  57.1  62.2   17:17  51.3   07:02   0.0   0.0  0.02   2.1  17.0   14:51   SSE
22  62.2  72.1   17:53  51.9   06:05   0.0   0.0  0.01   2.7  14.0   16:13   SSE
23  69.6  81.8   15:27  60.4   06:19   0.0   0.0  0.00   4.8  30.0   13:07   NNW
24  73.2  85.0   14:11  65.8   04:40   0.0   0.2  0.00   4.3  28.0   11:14     E
25  75.1  82.7   14:21  68.6   04:41   0.0   0.3  0.00   3.7  22.0   15:33    SE
26  77.5  87.2   12:34  68.7   03:10   0.0   1.3  0.00   4.3  32.0   15:49     W
27  73.7  84.7   15:32  61.6   04:31   0.0   0.6  0.00   5.3  42.0   12:27   SSW
28  58.8  65.4   14:48  50.4   06:30   0.0   0.0  0.00   3.1  18.0   13:23    SE
29  67.6  81.2   17:10  52.4   05:28   0.0   0.0  0.00   3.0  22.0   15:28    SE
30  76.4  84.7   11:14  68.2   06:27   0.0   0.7  0.00   3.7  24.0   13:30    SE
31  74.2  86.8   13:40  68.5   20:58   0.0   0.3  0.00   3.7  30.0   16:03    SW
----------------------------------------------------------------------------------
    69.6  90.6     4    48.8    20     0.0   6.0  0.46   3.5  42.0    27      SE

Max >=  27.0 31
Max <=   0.0  0
Min <=   0.0  0
Min <= -18.0  0
Max Rain: 0.34 on day 14
Days of Rain: 1 (>= 0.20 in)  0 (>= 2.00 in)  0 (>= 20.00 in)
Heat Base: 40.0  Cool Base: 80.0  Method: Integration