NOAA-Style Climate Reports

Select a Year or Month report
2018: Jan Feb Mar Apr May Jun Jul Aug Sep Oct Nov Dec
2017: Jan Feb Mar Apr May Jun Jul Aug Sep Oct Nov Dec
2016: Jan Feb Mar Apr May Jun Jul Aug Sep Oct Nov Dec

Report for 2018 July
                   Monthly Climatological Summary for Jul 2018

Name: www.boulderwx.com   City: Boulder   State: Colorado
Elevation: 6660 ft  Lat: N 40 03 55   Lon: W 105 19 36

                  Temperature (°F), Rain (in), Wind Speed (mph)

                                      Heat  Cool        Avg
    Mean                              Deg   Deg         Wind                 Dom
Day Temp  High   Time   Low    Time   Days  Days  Rain  Speed High   Time    Dir
----------------------------------------------------------------------------------
01  66.6  80.6   17:24  54.1   05:20   0.0   0.0  0.00   3.1  18.0   13:59   ESE
02  75.5  85.9   16:13  66.4   05:52   0.0   0.6  0.00   3.8  25.0   22:24     E
03  76.8  86.4   15:49  68.7   02:41   0.0   0.7  0.00   3.5  37.0   16:23   ENE
04  72.8  82.0   13:44  64.6   23:17   0.0   0.1  0.00   3.6  28.0   17:23   ESE
05  68.6  78.3   16:39  63.4   06:03   0.0   0.0  0.06   3.2  27.0   08:23    SE
06  72.0  85.5   16:20  58.7   03:57   0.0   0.3  0.00   2.3  12.0   04:45    SE
07  79.6  89.0   15:31  69.7   05:47   0.0   1.9  0.00   3.2  21.0   17:47   WNW
08  80.6  88.7   16:29  71.7   04:16   0.0   2.6  0.00   4.0  23.0   16:14   ESE
09  79.1  88.6   16:17  71.0   03:54   0.0   1.6  0.00   3.2  19.0   12:39   ESE
10  79.9  91.2   18:53  70.3   06:04   0.0   2.5  0.00   2.9  15.0   14:41   ESE
11  79.2  88.0   16:43  70.7   04:18   0.0   1.9  0.00   3.6  21.0   15:21   ESE
12  69.5  78.4   12:10  61.4   13:36   0.0   0.0  0.13   4.2  28.0   12:39    NW
13  71.5  82.1   15:48  61.8   02:35   0.0   0.0  0.00   3.2  17.0   10:00   ESE
14  76.6  87.2   16:21  67.5   05:12   0.0   1.4  0.00   3.3  19.0   15:16     E
15  63.3  74.3   00:25  57.6   23:59   0.0   0.0  0.21   2.7  20.0   10:07     N
16  67.4  79.2   14:04  56.6   02:36   0.0   0.0  0.00   3.1  22.0   21:15   ESE
17  68.1  80.0   16:28  57.3   04:55   0.0   0.0  0.00   2.8  30.0   00:39     E
18  77.6  90.1   17:47  65.6   01:05   0.0   1.8  0.00   3.9  24.0   22:21     N
19  80.5  90.5   17:25  69.7   04:12   0.0   3.4  0.00   4.5  29.0   21:44   ESE
20  79.3  88.2   16:37  68.3   05:58   0.0   2.6  0.00   4.9  33.0   11:47    SE
21  77.6  86.0   14:04  70.5   22:35   0.0   0.7  0.00   3.7  29.0   16:19    SE
22  75.0  87.8   10:20  62.7   22:31   0.0   0.5  0.16   4.1  28.0   14:38    NW
23  63.6  68.3   09:11  60.0   23:59   0.0   0.0  0.61   2.6  15.0   09:52     N
24  69.2  80.8   18:36  57.9   04:25   0.0   0.0  0.02   2.4  13.0   16:03   ESE
25  68.4  78.2   07:22  57.8   20:27   0.0   0.0  0.00   4.7  27.0   18:45   NNE
26  64.8  74.6   17:59  56.4   04:16   0.0   0.0  0.05   3.4  27.0   21:04     E
27  62.5  71.8   17:00  55.5   04:14   0.0   0.0  0.02   3.2  20.0   13:09     E
28  63.3  76.7   13:47  56.4   07:00   0.0   0.0  0.01   3.0  22.0   12:11   NNE
29  59.5  71.4   16:56  54.0   06:55   0.0   0.0  0.00   2.8  23.0   18:40    NE
30  62.9  71.0   15:12  55.0   00:51   0.0   0.0  0.01   4.2  21.0   11:42     E
31  67.6  77.8   15:29  55.0   02:05   0.0   0.0  0.00   3.4  17.0   12:45    SE
----------------------------------------------------------------------------------
    71.6  91.2    10    54.0    29     0.0  22.6  1.28   3.4  37.0     3       E

Max >=  27.0 31
Max <=   0.0  0
Min <=   0.0  0
Min <= -18.0  0
Max Rain: 0.61 on day 23
Days of Rain: 2 (>= 0.20 in)  0 (>= 2.00 in)  0 (>= 20.00 in)
Heat Base: 40.0  Cool Base: 80.0  Method: Integration