NOAA-Style Climate Reports

Select a Year or Month report
2018: Jan Feb Mar Apr May Jun Jul Aug Sep Oct Nov Dec
2017: Jan Feb Mar Apr May Jun Jul Aug Sep Oct Nov Dec
2016: Jan Feb Mar Apr May Jun Jul Aug Sep Oct Nov Dec

Report for 2018 June
                   Monthly Climatological Summary for Jun 2018

Name: www.boulderwx.com   City: Boulder   State: Colorado
Elevation: 6660 ft  Lat: N 40 03 55   Lon: W 105 19 36

                  Temperature (°F), Rain (in), Wind Speed (mph)

                                      Heat  Cool        Avg
    Mean                              Deg   Deg         Wind                 Dom
Day Temp  High   Time   Low    Time   Days  Days  Rain  Speed High   Time    Dir
----------------------------------------------------------------------------------
01  72.5  81.6   14:34  62.6   23:59   0.0   0.1  0.00   4.8  39.0   10:05   WNW
02  61.7  71.7   16:07  52.1   07:14   0.0   0.0  0.00   3.9  18.0   14:38     E
03  61.7  70.4   23:37  53.6   04:55   0.0   0.0  0.00   2.4  15.0   22:43     E
04  73.9  86.9   15:29  62.8   02:06   0.0   0.6  0.00   3.3  24.0   13:50   WNW
05  77.1  85.7   13:50  68.8   02:23   0.0   1.0  0.00   3.8  28.0   14:52   ESE
06  73.6  81.1   15:58  66.9   06:56   0.0   0.0  0.00   3.5  20.0   18:01    SE
07  73.0  84.3   14:28  60.1   05:14   0.0   0.4  0.00   3.5  27.0   17:28    SE
08  78.0  87.4   17:20  68.7   00:51   0.0   1.1  0.00   3.4  26.0   18:40   ESE
09  73.9  84.8   17:16  64.1   05:44   0.0   0.5  0.00   3.7  25.0   20:40    SE
10  79.2  90.4   14:00  67.9   06:20   0.0   2.5  0.00   3.8  27.0   10:36    SW
11  66.9  76.1   16:35  57.8   05:36   0.0   0.0  0.00   4.6  21.0   11:36   ESE
12  66.8  76.6   16:26  58.2   04:33   0.0   0.0  0.00   3.0  16.0   15:16     E
13  71.5  83.4   18:27  58.1   04:59   0.0   0.2  0.00   2.6  15.0   14:10     E
14  80.6  89.8   14:57  69.0   00:59   0.0   2.7  0.00   4.1  27.0   17:31    NW
15  75.3  81.2   15:43  68.7   06:33   0.0   0.0  0.01   3.5  27.0   18:19    SE
16  68.3  78.7   12:20  59.4   15:50   0.0   0.0  0.39   2.6  22.0   13:30   WNW
17  57.8  64.8   00:00  52.8   23:26   0.0   0.0  0.57   3.0  19.0   17:29     N
18  56.8  67.3   16:02  51.1   03:01   0.0   0.0  0.25   1.8  13.0   00:11     E
19  58.7  67.9   14:40  53.5   07:08   0.0   0.0  0.56   4.5  32.0   18:13    NE
20  60.0  72.2   16:19  49.9   04:34   0.0   0.0  0.00   3.0  16.0   12:35   ESE
21  63.8  74.7   14:31  53.3   04:52   0.0   0.0  0.07   2.7  14.0   13:40     E
22  67.4  82.3   13:44  56.6   05:59   0.0   0.0  0.00   4.0  39.0   09:28   NNW
23  68.0  83.6   15:24  56.7   04:59   0.0   0.1  0.00   3.6  22.0   13:07     N
24  56.2  62.5   14:49  52.4   04:53   0.0   0.0  0.05   3.3  23.0   14:56   ESE
25  64.6  75.1   15:48  51.6   02:51   0.0   0.0  0.00   3.4  17.0   23:34   ESE
26  79.1  93.2   15:32  64.5   05:04   0.0   3.1  0.37   3.6  21.0   14:59     W
27  81.6  92.0   14:18  72.5   04:34   0.0   3.3  0.00   4.7  35.0   19:32     S
28  83.6  94.1   15:58  72.4   03:18   0.0   5.2  0.00   3.6  32.0   17:21   WNW
29  78.3  84.3   10:27  70.7   23:59   0.0   0.7  0.00   3.4  18.0   03:03   ENE
30  59.6  70.8   00:00  53.6   16:52   0.0   0.0  0.01   3.6  23.0   16:40     E
----------------------------------------------------------------------------------
    69.7  94.1    28    49.9    20     0.0  21.5  2.28   3.5  39.0     1       E

Max >=  27.0 30
Max <=   0.0  0
Min <=   0.0  0
Min <= -18.0  0
Max Rain: 0.57 on day 17
Days of Rain: 5 (>= 0.20 in)  0 (>= 2.00 in)  0 (>= 20.00 in)
Heat Base: 40.0  Cool Base: 80.0  Method: Integration