NOAA-Style Climate Reports

Select a Year or Month report
2018: Jan Feb Mar Apr May Jun Jul Aug Sep Oct Nov Dec
2017: Jan Feb Mar Apr May Jun Jul Aug Sep Oct Nov Dec
2016: Jan Feb Mar Apr May Jun Jul Aug Sep Oct Nov Dec

Report for 2018 March
                   Monthly Climatological Summary for Mar 2018

Name: www.boulderwx.com   City: Boulder   State: Colorado
Elevation: 6660 ft  Lat: N 40 03 55   Lon: W 105 19 36

                  Temperature (°F), Rain (in), Wind Speed (mph)

                                      Heat  Cool        Avg
    Mean                              Deg   Deg         Wind                 Dom
Day Temp  High   Time   Low    Time   Days  Days  Rain  Speed High   Time    Dir
----------------------------------------------------------------------------------
01  36.8  46.7   16:15  24.7   05:37   4.9   0.0  0.00   2.0  15.0   20:26   SSE
02  49.4  61.7   14:25  38.6   03:12   0.1   0.0  0.00   3.9  32.0   14:19   ENE
03  52.7  60.8   15:07  45.6   05:24   0.0   0.0  0.00   3.0  15.0   13:32     N
04  45.4  59.7   12:28  25.2   23:52   2.2   0.0  0.00   5.9  40.0   20:12   NNW
05  26.9  32.6   13:13  22.0   04:51  13.1   0.0  0.00   7.2  35.0   10:57   NNW
06  31.4  43.1   13:41  22.1   04:37   8.8   0.0  0.00   4.6  25.0   08:01    NW
07  34.7  44.8   15:19  20.9   05:07   5.9   0.0  0.00   2.7  24.0   06:05    SE
08  46.9  58.0   13:34  33.9   01:50   0.9   0.0  0.00   5.1  30.0   22:10    NW
09  47.8  57.0   13:54  39.9   23:42   0.0   0.0  0.00   7.2  34.0   05:35     N
10  39.0  46.8   10:58  27.0   23:57   2.4   0.0  0.00   5.0  27.0   16:42   NNW
11  34.1  44.5   14:55  23.5   07:22   6.0   0.0  0.00   2.3  15.0   13:06    SE
12  40.3  51.0   12:38  33.5   01:13   2.1   0.0  0.00   2.4  19.0   12:36   SSE
13  41.0  51.1   17:05  32.3   05:03   1.7   0.0  0.00   2.7  17.0   14:10     E
14  49.6  59.9   14:40  37.3   03:23   0.1   0.0  0.00   2.4  17.0   14:42   ESE
15  47.9  57.9   13:17  34.8   22:54   0.7   0.0  0.04   3.4  26.0   17:28    NW
16  40.3  48.8   11:28  33.5   01:55   1.7   0.0  0.00   5.0  35.0   13:18   WNW
17  43.3  55.4   16:18  31.7   06:49   1.8   0.0  0.00   3.4  17.0   23:00    NW
18  39.1  48.3   13:58  30.7   19:52   2.9   0.0  0.49   2.7  30.0   15:28   ESE
19  31.1  36.7   15:46  25.6   07:22   8.8   0.0  0.00   1.0  13.0   22:34    SE
20  35.6  44.0   15:34  26.8   04:25   4.7   0.0  0.00   4.4  26.0   11:13    NW
21  44.5  55.7   17:21  34.6   06:23   1.2   0.0  0.00   2.1  12.0   12:07    SE
22  55.4  67.9   15:01  44.7   05:15   0.0   0.0  0.00   3.7  22.0   22:30   SSE
23  53.4  61.9   10:28  43.8   21:18   0.0   0.0  0.00   5.5  39.0   11:38    NW
24  47.7  58.2   15:33  35.6   05:56   0.7   0.0  0.00   2.3  22.0   00:09   ESE
25  46.8  54.5   13:34  34.7   23:58   0.2   0.0  0.05   3.5  23.0   19:18    NE
26  34.2  41.3   13:18  29.2   23:20   5.8   0.0  0.24   1.2  14.0   19:14   ENE
27  33.9  42.2   16:39  27.2   06:46   6.2   0.0  0.03   1.6  21.0   13:35    SE
28  34.4  39.5   11:59  27.7   22:25   5.6   0.0  0.17   2.0  15.0   16:07   ENE
29  32.1  40.9   14:34  27.0   00:41   7.8   0.0  0.08   2.7  19.0   14:38   NNE
30  44.2  57.5   16:39  29.0   03:12   2.7   0.0  0.00   3.7  31.0   16:54     W
31  38.2  51.5   01:03  23.4   23:42   4.7   0.0  0.00   3.5  34.0   02:33     E
----------------------------------------------------------------------------------
    41.2  67.9    22    20.9     7   103.7   0.0  1.10   3.5  40.0     4       N

Max >=  27.0 31
Max <=   0.0  0
Min <=   0.0  0
Min <= -18.0  0
Max Rain: 0.49 on day 18
Days of Rain: 2 (>= 0.20 in)  0 (>= 2.00 in)  0 (>= 20.00 in)
Heat Base: 40.0  Cool Base: 80.0  Method: Integration