NOAA-Style Climate Reports

Select a Year or Month report
2018: Jan Feb Mar Apr May Jun Jul Aug Sep Oct Nov Dec
2017: Jan Feb Mar Apr May Jun Jul Aug Sep Oct Nov Dec
2016: Jan Feb Mar Apr May Jun Jul Aug Sep Oct Nov Dec

Report for 2018 January
                   Monthly Climatological Summary for Jan 2018

Name: www.boulderwx.com   City: Boulder   State: Colorado
Elevation: 6660 ft  Lat: N 40 03 55   Lon: W 105 19 36

                  Temperature (°F), Rain (in), Wind Speed (mph)

                                      Heat  Cool        Avg
    Mean                              Deg   Deg         Wind                 Dom
Day Temp  High   Time   Low    Time   Days  Days  Rain  Speed High   Time    Dir
----------------------------------------------------------------------------------
01  20.6  32.5   15:23   7.2   01:07  19.4   0.0  0.00   1.2  16.0   15:32    SE
02  28.8  37.3   14:37  18.9   05:47  11.2   0.0  0.01   1.0   9.0   00:18   SSW
03  37.8  47.0   10:01  32.8   00:00   3.3   0.0  0.00   0.6   9.0   16:36    SE
04  38.5  46.4   10:54  33.1   06:18   2.6   0.0  0.00   0.7  10.0   09:23   ESE
05  46.1  54.3   13:52  34.4   00:02   0.4   0.0  0.00   2.5  19.0   05:35   WNW
06  44.7  50.8   12:18  40.0   07:11   0.0   0.0  0.00   1.0  10.0   18:36   SSE
07  39.8  45.8   13:26  30.4   07:33   1.8   0.0  0.00   1.5  19.0   14:00    NW
08  47.4  57.8   13:42  35.1   00:00   0.8   0.0  0.00   1.0  11.0   17:14   WSW
09  52.2  63.2   11:53  46.5   02:18   0.0   0.0  0.00   2.4  20.0   12:44   ESE
10  42.6  50.3   14:07  22.8   23:26   2.5   0.0  0.03   1.6  18.0   18:42   WNW
11  29.6  34.1   10:29  22.2   03:10  10.4   0.0  0.00   2.7  28.0   10:49   WNW
12  35.8  42.9   09:55  26.6   23:27   4.3   0.0  0.00   2.9  33.0   04:30   NNE
13  37.5  44.6   11:30  25.7   01:52   3.1   0.0  0.00   3.2  20.0   19:30   WNW
14  39.9  51.0   11:34  26.4   04:30   3.8   0.0  0.00   3.5  18.0   14:21   WNW
15  17.0  28.8   00:00   3.5   23:51  23.0   0.0  0.00   1.1  11.0   04:26   ESE
16  19.8  30.5   23:59   2.0   01:00  20.2   0.0  0.10   0.4   6.0   13:26   ESE
17  39.3  46.5   10:36  30.5   00:00   2.0   0.0  0.00   0.8   8.0   13:33    SE
18  49.7  59.5   11:02  39.3   00:26   0.0   0.0  0.00   0.8   9.0   07:18     S
19  54.6  64.2   12:09  48.6   23:10   0.0   0.0  0.00   2.4  26.0   12:53     E
20  39.8  52.3   09:01  26.4   23:58   3.7   0.0  0.00   1.8  17.0   09:42     E
21  21.8  26.5   00:06  19.3   20:44  18.2   0.0  0.00   1.7  16.0   10:22    NW
22  29.3  39.1   14:30  19.1   01:07  10.7   0.0  0.29   3.9  23.0   09:37   WNW
23  29.7  35.3   09:20  23.1   21:40  10.3   0.0  0.02   3.4  19.0   06:45   WNW
24  40.5  50.7   12:07  27.5   00:00   2.4   0.0  0.03   1.8  15.0   05:46     W
25  46.2  53.6   13:16  38.8   22:13   0.0   0.0  0.00   1.1  12.0   11:45   WNW
26  30.8  40.7   00:00  25.0   22:38   9.2   0.0  0.00   2.8  23.0   09:06    NW
27  31.6  38.3   14:05  24.3   04:25   8.4   0.0  0.00   2.0  20.0   23:30   NNW
28  35.4  44.9   09:44  26.7   23:59   5.4   0.0  0.00   3.3  28.0   10:47   WNW
29  44.0  54.1   12:39  26.3   00:11   1.4   0.0  0.00   2.8  20.0   06:26   WNW
30  50.2  57.6   14:31  42.1   02:20   0.0   0.0  0.00   2.8  32.0   21:26   WNW
31  32.7  48.7   01:40  21.9   23:50   8.6   0.0  0.00   2.2  28.0   15:33     E
----------------------------------------------------------------------------------
    37.2  64.2    19     2.0    16   187.1   0.0  0.48   1.9  33.0    12     WNW

Max >=  27.0 30
Max <=   0.0  0
Min <=   0.0  0
Min <= -18.0  0
Max Rain: 0.29 on day 22
Days of Rain: 1 (>= 0.20 in)  0 (>= 2.00 in)  0 (>= 20.00 in)
Heat Base: 40.0  Cool Base: 80.0  Method: Integration