NOAA-Style Climate Reports

Select a Year or Month report
2018: Jan Feb Mar Apr May Jun Jul Aug Sep Oct Nov Dec
2017: Jan Feb Mar Apr May Jun Jul Aug Sep Oct Nov Dec
2016: Jan Feb Mar Apr May Jun Jul Aug Sep Oct Nov Dec

Report for 2018
                   Annual Climatological Summary for 2018

Name: www.boulderwx.com   City: Boulder   State: Colorado
Elevation: 6660 ft  Lat: N 40 03 55   Lon: W 105 19 36

                  Temperature (°F), Heat Base: 40.0  Cool Base: 80.0
                          Dep.  Heat  Cool                       Max  Max  Min  Min
        Mean  Mean        From  Deg   Deg                        >=   <=   <=   <=
 YR MO  Max   Min   Mean  Norm  Days  Days  Hi  Date  Low  Date 27.0  0.0  0.0 -18.0
------------------------------------------------------------------------------------
 18  1  46.1  27.3  37.2   0.0   187     0  64.2  19   2.0   16   30    0    0    0
 18  2  42.1  19.5  29.9   0.0   329     0  73.0  27   5.1   21   22    0    0    0
 18  3  51.0  31.2  41.2   0.0   104     0  67.9  22  20.9    7   31    0    0    0
 18  4  56.6  35.0  45.8   0.0    77     0  74.0  29  17.6    7   30    0    0    0
 18  5  67.5  49.8  58.2   0.0     2     0  82.1  10  33.7    3   31    0    0    0
 18  6  79.8  60.3  69.7   0.0     0    22  94.1  28  49.9   20   30    0    0    0
 18  7  81.9  62.5  71.6   0.0     0    23  91.2  10  54.0   29   31    0    0    0
 18  8  78.8  60.8  69.6   0.0     0     6  90.6   4  48.8   20   31    0    0    0
 18  9  74.5  57.1  65.9   0.0     1     5  87.0  11  36.5   29   30    0    0    0
 18 10  54.3  38.3  46.7   0.0    88     0  77.8   3  15.3   14   30    0    0    0
 18 11  45.2  30.0  37.9   0.0   150     0  58.4  22  14.6   12   28    0    0    0
 18 12  42.3  28.7  35.4   0.0   119     0  53.8  16  15.1    6   16    0    0    0
------------------------------------------------------------------------------------
        60.0  41.7  50.7   0.0  1056    55  94.1 Jun   2.0  Jan  340    0    0    0

                                Precipitation (in)

              Dep.   Max        Days of Rain
              From   Obs.           >=
 YR MO Total  Norm   Day Date 0.20 2.0020.00
---------------------------------------------
 18  1  0.48   0.0  0.29  22     1    0    0
 18  2  0.56   0.0  0.20  11     1    0    0
 18  3  1.10   0.0  0.49  18     2    0    0
 18  4  0.87   0.0  0.34  24     2    0    0
 18  5  4.20   0.0  0.81   3     8    0    0
 18  6  2.28   0.0  0.57  17     5    0    0
 18  7  1.28   0.0  0.61  23     2    0    0
 18  8  0.46   0.0  0.34  14     1    0    0
 18  9  0.37   0.0  0.26   5     1    0    0
 18 10  1.49   0.0  0.28  15     2    0    0
 18 11  0.67   0.0  0.36  11     1    0    0
 18 12  0.14   0.0  0.12   2     0    0    0
---------------------------------------------
       13.90   0.0  0.81  May   26    0    0

                                Wind Speed (mph)
                          Dom
 YR MO   Avg.  Hi   Date  Dir
------------------------------
 18  1   1.9  33.0   12   WNW
 18  2   1.7  42.0   18   NNE
 18  3   3.5  40.0    4   NNW
 18  4   4.0  56.0   17     N
 18  5   3.0  34.0   27     E
 18  6   3.5  39.0    1     E
 18  7   3.4  37.0    3   ESE
 18  8   3.5  42.0   27   ESE
 18  9   3.5  33.0   11    SE
 18 10   3.0  43.0    3     S
 18 11   4.2  43.0    2   NNW
 18 12   3.4  39.0   11    NW
------------------------------
         3.2  56.0  Apr    NE