NOAA-Style Climate Reports

Select a Year or Month report
2018: Jan Feb Mar Apr May Jun Jul Aug Sep Oct Nov Dec
2017: Jan Feb Mar Apr May Jun Jul Aug Sep Oct Nov Dec
2016: Jan Feb Mar Apr May Jun Jul Aug Sep Oct Nov Dec

Report for 2017 November
                   Monthly Climatological Summary for Nov 2017

Name: www.boulderwx.com   City: Boulder   State: Colorado
Elevation: 6660 ft  Lat: N 40 03 55   Lon: W 105 19 36

                  Temperature (°F), Rain (in), Wind Speed (mph)

                                      Heat  Cool        Avg
    Mean                              Deg   Deg         Wind                 Dom
Day Temp  High   Time   Low    Time   Days  Days  Rain  Speed High   Time    Dir
----------------------------------------------------------------------------------
15  40.3  44.3   14:49  38.2   18:07   0.0   8.9  0.00   0.7   8.0   14:33    SW
16  55.7  67.0   13:48  43.1   00:01   0.0  37.5  0.00   1.9  22.0   16:00    NE
17  47.3  55.4   08:55  30.9   23:59   0.0  28.8  0.08   2.4  28.0   15:56   ENE
18  35.0  42.3   12:37  25.7   05:25   0.0  16.7  0.01   2.2  16.0   11:17   WNW
19  45.1  55.1   10:54  37.0   02:42   0.0  26.3  0.00   2.0  20.0   21:19    NW
20  51.2  60.6   13:00  43.1   00:00   0.0  32.9  0.00   3.8  41.0   21:56     E
21  39.9  49.6   00:11  33.2   09:47   0.0  21.6  0.04   2.4  32.0   01:36    NW
22  53.6  60.7   13:34  42.6   02:25   0.0  35.3  0.00   3.0  21.0   15:35   WNW
23  57.3  63.9   10:18  51.4   07:13   0.0  39.0  0.00   2.9  24.0   22:06   WNW
24  53.9  65.0   10:30  39.8   23:59   0.0  35.6  0.00   2.7  30.0   07:30   NNW
25  48.6  56.5   13:23  39.1   00:29   0.0  30.3  0.00   2.2  23.0   09:02   WNW
26  59.2  66.6   14:59  54.2   06:29   0.0  40.9  0.00   1.9  17.0   01:09   NNW
27  58.5  70.0   13:37  36.6   23:58   0.0  40.2  0.00   1.6  24.0   23:11   ENE
28  34.6  40.9   12:50  30.2   05:17   0.0  16.3  0.00   1.0  11.0   12:20   ESE
29  46.0  58.9   12:48  32.8   01:48   0.5  26.4  0.00   2.5  20.0   13:30   WNW
30  41.0  49.2   13:58  29.9   06:22   2.9   0.0  0.00   0.9   8.0   10:56     S
----------------------------------------------------------------------------------
    48.0  70.0    27    25.7    18     3.4 436.7  0.13   2.1  41.0    20     NNW

Max >=  27.0 16
Max <=   0.0  0
Min <=   0.0  0
Min <= -18.0  0
Max Rain: 0.08 on day 17
Days of Rain: 0 (>= 0.20 in)  0 (>= 2.00 in)  0 (>= 20.00 in)
Heat Base: 40.0  Cool Base: 80.0  Method: Integration