NOAA-Style Climate Reports

Select a Year or Month report
2018: Jan Feb Mar Apr May Jun Jul Aug Sep Oct Nov Dec
2017: Jan Feb Mar Apr May Jun Jul Aug Sep Oct Nov Dec
2016: Jan Feb Mar Apr May Jun Jul Aug Sep Oct Nov Dec

Report for 2017 March
                   Monthly Climatological Summary for Mar 2017

Name: www.apcat.org   City: Carriage Hills, Boulder County   State: Colorado
Elevation: 6660 ft  Lat: N 40 03 55   Lon: W 105 19 36

                  Temperature (°F), Rain (in), Wind Speed (mph)

                                      Heat  Cool        Avg
    Mean                              Deg   Deg         Wind                 Dom
Day Temp  High   Time   Low    Time   Days  Days  Rain  Speed High   Time    Dir
----------------------------------------------------------------------------------
22  59.7  64.4   15:30  55.9   23:54   0.0  14.0  1.34   1.6  10.0   16:39    SE
23  56.8  69.8   13:12  40.4   23:52   0.0  38.2  0.08   3.5  25.0   12:27   ENE
24  41.6  50.9   12:58  33.3   03:38   0.0  23.3  0.03   2.6  19.0   13:43   NNE
25  46.7  56.6   14:09  35.9   06:15   0.0  28.4  0.00   1.3  11.0   15:03   ENE
26  42.1  47.1   11:06  39.1   07:33   0.0  23.7  0.16   1.2  13.0   11:40   SSE
27  44.3  54.6   14:48  34.3   06:22   0.0  25.6  0.23   1.1  12.0   17:30   ESE
28  38.3  42.1   12:12  35.0   23:49   0.0  19.9  0.82   1.3  14.0   21:34    NW
29  41.2  51.7   15:02  33.0   03:43   0.0  22.7  0.01   2.0  14.0   05:16   ESE
30  48.6  61.6   13:53  39.4   02:24   0.0  30.3  0.09   1.4  15.0   17:43   WSW
31  35.2  42.7   00:03  29.9   23:34   0.0  16.8  0.15   2.1  12.0   11:36    NW
----------------------------------------------------------------------------------
    45.5  69.8    23    29.9    31     0.0 242.9  2.91   1.8  25.0    23     ENE

Max >=  27.0 10
Max <=   0.0  0
Min <=   0.0  0
Min <= -18.0  0
Max Rain: 1.34 on day 22
Days of Rain: 3 (>= 0.20 in)  0 (>= 2.00 in)  0 (>= 20.00 in)
Heat Base: 18.3  Cool Base: 18.3  Method: Integration