NOAA-Style Climate Reports

Select a Year or Month report
2018: Jan Feb Mar Apr May Jun Jul Aug Sep Oct Nov Dec
2017: Jan Feb Mar Apr May Jun Jul Aug Sep Oct Nov Dec
2016: Jan Feb Mar Apr May Jun Jul Aug Sep Oct Nov Dec

Report for 2017 February
                   Monthly Climatological Summary for Feb 2017

Name: www.apcat.org   City: Boulder   State: Colorado
Elevation: 6660 ft  Lat: N 40 03 55   Lon: W 105 19 36

                  Temperature (°F), Rain (in), Wind Speed (mph)

                                      Heat  Cool        Avg
    Mean                              Deg   Deg         Wind                 Dom
Day Temp  High   Time   Low    Time   Days  Days  Rain  Speed High   Time    Dir
----------------------------------------------------------------------------------
01  22.4  32.8   00:00  16.7   23:47   0.1   4.2  0.00   1.8  10.0   00:46     E
02  17.7  19.3   20:41  15.8   07:24   0.8   0.2  0.00   0.8   6.0   04:32   ESE
03  19.1  37.7   23:59  11.2   05:46   2.2   3.1  0.00   0.7  16.0   23:44   NNE
04  43.2  49.1   12:36  36.8   06:32   0.0  25.0  0.10   3.9  29.0   17:34   NNW
05  45.2  53.9   12:02  39.4   06:17   0.0  26.9  0.00   1.9  14.0   03:04   SSE
06  46.0  54.6   09:33  40.3   23:20   0.0  27.7  0.00   2.6  23.0   11:11   WNW
07  45.2  54.9   11:48  40.7   19:41   0.0  26.9  0.01   3.7  29.0   11:50     E
08  45.7  49.5   23:08  37.3   04:48   0.0  27.4  0.00   4.8  28.0   13:37    NW
09  54.7  60.9   21:51  44.9   00:49   0.0  35.8  0.00   3.6  36.0   21:40    NW
10  60.2  69.3   11:59  51.4   23:30   0.0  42.1  0.00   5.3  42.0   15:00    NW
11  46.3  53.7   12:45  30.0   23:43   0.0  28.0  0.00   2.3  20.0   22:45   ESE
12  33.2  40.5   13:12  27.2   04:00   0.0  14.9  0.00   1.3  10.0   11:45     E
13  38.6  45.5   12:34  31.9   23:56   0.0  20.3  0.00   1.2  12.0   12:52     E
14  35.7  43.6   11:29  28.2   07:01   0.0  17.4  0.00   1.7  15.0   14:36     E
15  47.2  58.9   12:39  33.7   00:00   0.0  28.9  0.00   2.4  17.0   20:53   WNW
16  55.2  64.2   12:45  46.8   05:15   0.0  36.9  0.00   2.1  15.0   00:25    SW
17  50.2  62.1   12:33  43.7   21:30   0.0  31.9  0.00   2.1  17.0   14:15   ESE
18  47.7  56.0   11:18  40.6   05:14   0.0  29.4  0.00   0.9   9.0   15:53    SE
19  47.3  55.6   13:02  42.1   06:27   0.0  29.0  0.00   1.7  22.0   23:53   WNW
20  46.0  55.8   12:29  38.3   04:41   0.0  27.7  0.00   4.4  29.0   01:46   WNW
21  53.5  62.7   11:56  44.9   00:04   0.0  35.2  0.00   3.6  26.0   01:58   NNE
22  44.5  51.4   13:17  31.1   23:45   0.0  26.2  0.00   2.6  18.0   17:29     E
23  23.1  31.7   00:36  12.8   23:58   0.9   5.8  0.00   1.3  13.0   14:26   ENE
24  15.4  19.6   14:15  12.0   00:21   3.0   0.1  0.01   0.6   9.0   13:16    SE
25  20.3  27.6   14:02  14.2   05:57   1.0   3.0  0.22   2.2  23.0   15:06    SE
26  24.8  32.9   14:57  14.3   06:26   0.4   6.8  0.11   1.8  20.0   17:26   ESE
27  34.0  45.6   13:01  23.1   02:29   0.0  15.7  0.06   2.3  18.0   18:48     E
28  27.4  35.0   11:10  21.6   21:41   0.0   9.1  0.00   2.3  19.0   22:24   NNW
----------------------------------------------------------------------------------
    38.9  69.3    10    11.2     3     8.4 585.6  0.51   2.3  42.0    10     NNE

Max >=  27.0 26
Max <=   0.0  0
Min <=   0.0  0
Min <= -18.0  0
Max Rain: 0.22 on day 25
Days of Rain: 1 (>= 0.20 in)  0 (>= 2.00 in)  0 (>= 20.00 in)
Heat Base: 18.3  Cool Base: 18.3  Method: Integration