NOAA-Style Climate Reports

Select a Year or Month report
2018: Jan Feb Mar Apr May Jun Jul Aug Sep Oct Nov Dec
2017: Jan Feb Mar Apr May Jun Jul Aug Sep Oct Nov Dec
2016: Jan Feb Mar Apr May Jun Jul Aug Sep Oct Nov Dec

Report for 2016 November
                   Monthly Climatological Summary for Nov 2016

Name: www.apcat.org   City: Boulder   State: Colorado
Elevation: 6660 ft  Lat: N 40 03 55   Lon: W 105 19 36

                  Temperature (°F), Rain (in), Wind Speed (mph)

                                      Heat  Cool        Avg
    Mean                              Deg   Deg         Wind                 Dom
Day Temp  High   Time   Low    Time   Days  Days  Rain  Speed High   Time    Dir
----------------------------------------------------------------------------------
01  51.6  58.2   14:26  43.2   07:01   0.0  33.3  0.02   1.6  13.0   10:54   ESE
02  47.6  55.7   12:44  40.6   04:04   0.0  29.3  0.00   1.3  11.0   13:47   ESE
03  52.8  63.3   12:55  45.0   07:23   0.0  34.4  0.00   1.2  11.0   15:26   ESE
04  54.2  63.2   12:54  46.3   07:25   0.0  35.9  0.00   1.0   9.0   13:20   ESE
05  54.8  63.5   10:49  49.9   08:11   0.0  36.5  0.00   0.9   9.0   18:08     E
06  55.0  64.8   11:21  48.1   02:29   0.0  38.2  0.00   2.1  16.0   14:28   WNW
07  51.5  57.9   10:22  44.9   23:08   0.0  33.2  0.00   1.7  16.0   10:41   ESE
08  50.5  59.9   11:21  42.4   04:45   0.0  32.2  0.00   0.9  10.0   14:21   ESE
09  55.7  64.7   11:53  47.7   00:28   0.0  37.4  0.00   0.8   8.0   13:55   ESE
10  55.8  64.5   11:19  44.5   23:59   0.0  37.5  0.00   2.1  20.0   12:30     E
11  45.2  51.8   10:55  36.6   05:50   0.0  26.9  0.00   1.0  11.0   13:56     E
12  52.8  64.8   10:56  41.1   02:59   0.0  34.5  0.00   1.0   7.0   09:37   ESE
13  52.8  59.9   11:17  46.0   23:07   0.0  34.5  0.00   3.6  24.0   14:02   WNW
14  56.5  64.4   12:03  46.4   00:00   0.0  38.3  0.00   3.5  24.0   18:37   WNW
15  61.9  70.4   11:40  54.4   04:30   0.0  43.6  0.00   2.6  16.0   01:54    SW
16  62.3  74.2   10:58  40.1   23:59   0.0  44.0  0.00   3.0  28.0   12:48   ENE
17  29.5  40.1   00:00  20.6   23:34   0.0  11.2  0.00   1.3  12.0   16:26     E
18  24.7  33.3   11:01  19.9   03:45   0.0   6.4  0.21   1.3  11.0   07:29     S
19  37.0  54.1   23:38  21.3   04:06   0.0  18.8  0.15   1.7  16.0   23:29   SSE
20  55.8  64.4   10:45  50.7   19:34   0.0  37.5  0.00   3.5  33.0   02:54    NW
21  51.2  62.0   11:38  44.0   20:50   0.0  32.2  0.00   2.0  13.0   17:35     W
22  37.0  47.2   00:24  30.3   23:54   0.0  18.7  0.06   1.3  11.0   01:28   SSE
23  35.1  43.4   11:34  28.4   04:04   0.0  16.9  0.01   1.6  10.0   11:55    SE
24  36.3  42.6   09:59  31.5   06:33   0.0  18.0  0.00   3.3  26.0   08:28    NW
25  45.3  58.4   11:15  34.4   01:52   0.0  27.0  0.00   2.0  18.0   09:28   WNW
26  46.9  56.6   10:35  42.3   23:07   0.0  28.6  0.00   1.5  14.0   07:46     W
27  39.8  44.8   12:56  35.1   22:45   0.0  21.5  0.00   3.3  25.0   16:18   ESE
28  33.1  37.4   10:40  29.7   22:10   0.0  14.8  0.00   3.3  21.0   00:39   WNW
29  29.6  33.7   12:10  25.4   23:59   0.0  11.3  0.00   2.7  14.0   05:42   WNW
30  27.1  34.6   11:22  22.6   06:02   0.0   8.8  0.00   1.6  11.0   00:12    SE
----------------------------------------------------------------------------------
    46.3  74.2    16    19.9    18     0.0 841.4  0.45   2.0  33.0    20     WNW

Max >=  27.0 30
Max <=   0.0  0
Min <=   0.0  0
Min <= -18.0  0
Max Rain: 0.21 on day 18
Days of Rain: 1 (>= 0.20 in)  0 (>= 2.00 in)  0 (>= 20.00 in)
Heat Base: 18.3  Cool Base: 18.3  Method: Integration