NOAA-Style Climate Reports

Select a Year or Month report
2018: Jan Feb Mar Apr May Jun Jul Aug Sep Oct Nov Dec
2017: Jan Feb Mar Apr May Jun Jul Aug Sep Oct Nov Dec
2016: Jan Feb Mar Apr May Jun Jul Aug Sep Oct Nov Dec

Report for 2016 October
                   Monthly Climatological Summary for Oct 2016

Name: www.apcat.org   City: Boulder   State: Colorado
Elevation: 6660 ft  Lat: N 40 03 55   Lon: W 105 19 36

                  Temperature (°F), Rain (in), Wind Speed (mph)

                                      Heat  Cool        Avg
    Mean                              Deg   Deg         Wind                 Dom
Day Temp  High   Time   Low    Time   Days  Days  Rain  Speed High   Time    Dir
----------------------------------------------------------------------------------
01  64.8  74.6   11:32  56.4   04:05   0.0  46.5  0.00   1.7  14.0   11:48   ESE
02  65.5  75.2   12:04  58.5   23:57   0.0  47.2  0.00   1.8  15.0   12:38   ESE
03  58.4  75.5   11:59  46.6   22:04   0.0  40.1  0.00   2.5  24.0   12:01    NW
04  47.8  56.5   13:36  42.4   23:36   0.0  29.5  0.00   3.4  27.0   05:07    NW
05  51.0  62.5   13:47  42.4   00:01   0.0  32.7  0.00   2.7  18.0   14:19     N
06  40.8  48.3   00:00  35.0   23:55   0.0  22.5  0.17   1.3  14.0   02:15   NNW
07  48.4  58.0   14:10  34.7   00:51   0.0  30.1  0.00   1.8  13.0   09:40    SE
08  57.9  67.6   12:53  49.1   06:42   0.0  39.6  0.00   1.8  11.0   13:07   ESE
09  60.1  71.4   13:54  51.5   04:22   0.0  41.8  0.00   1.4  15.0   22:32   ESE
10  62.3  70.2   13:43  55.1   05:00   0.0  43.6  0.00   2.8  27.0   12:30   WNW
11  58.4  72.2   13:09  45.5   23:57   0.0  40.1  0.03   2.1  22.0   14:17   ENE
12  37.2  45.5   00:00  32.3   07:06   0.0  18.8  0.13   1.1  12.0   00:08   ESE
13  60.4  70.9   12:25  42.3   00:00   0.0  42.2  0.00   1.9  12.0   12:26     W
14  64.9  76.3   16:06  57.5   03:05   0.0  46.6  0.00   1.9  26.0   17:05    SE
15  67.9  78.0   12:50  60.1   23:59   0.0  49.6  0.00   2.7  23.0   12:54     E
16  65.9  78.1   11:52  53.3   23:59   0.0  47.6  0.00   2.3  23.0   12:23   ENE
17  55.1  72.2   12:37  45.1   07:11   0.0  36.8  0.00   3.4  38.0   10:25   ENE
18  47.4  55.0   14:26  41.1   04:39   0.0  29.1  0.00   1.5  12.0   14:27     W
19  43.5  52.2   12:26  37.4   04:12   0.0  25.0  0.09   2.7  16.0   13:13   WNW
20  43.8  52.4   13:08  34.1   07:08   0.0  25.5  0.00   1.4  10.0   10:17   ESE
21  59.4  69.0   13:33  47.6   00:00   0.0  41.1  0.00   2.0  15.0   13:10   WNW
22  63.8  76.5   12:31  51.4   02:55   0.0  45.5  0.00   2.3  25.0   14:21    NE
23  56.9  64.1   15:00  45.8   07:31   0.0  38.6  0.00   1.2  11.0   12:39     E
24  62.8  73.7   11:46  52.9   00:00   0.0  44.5  0.00   1.2  14.0   13:18   ESE
25  58.8  64.5   14:13  53.6   23:59   0.0  40.5  0.00   2.3  19.0   13:19   WNW
26  58.5  68.4   13:00  50.6   06:53   0.0  40.2  0.00   1.6  12.0   14:00   ESE
27  64.7  75.4   13:05  54.1   04:20   0.0  46.4  0.00   1.6  13.0   23:17   ESE
28  65.6  73.3   12:14  60.2   05:00   0.0  47.3  0.00   1.5  12.0   16:36     E
29  61.0  69.6   10:26  46.5   23:59   0.0  42.7  0.00   2.4  13.0   12:19   WNW
30  55.2  69.0   11:30  40.1   03:35   0.0  36.9  0.00   1.1  13.0   11:56   ESE
31  62.5  72.4   12:45  52.7   23:32   0.0  44.2  0.00   3.2  31.0   12:46   ENE
----------------------------------------------------------------------------------
    57.1  78.1    16    32.3    12     0.01202.8  0.42   2.0  38.0    17      NE

Max >=  27.0 31
Max <=   0.0  0
Min <=   0.0  0
Min <= -18.0  0
Max Rain: 0.17 on day 6
Days of Rain: 0 (>= 0.20 in)  0 (>= 2.00 in)  0 (>= 20.00 in)
Heat Base: 18.3  Cool Base: 18.3  Method: Integration