NOAA-Style Climate Reports

Select a Year or Month report
2018: Jan Feb Mar Apr May Jun Jul Aug Sep Oct Nov Dec
2017: Jan Feb Mar Apr May Jun Jul Aug Sep Oct Nov Dec
2016: Jan Feb Mar Apr May Jun Jul Aug Sep Oct Nov Dec

Report for 2016 September
                   Monthly Climatological Summary for Sep 2016

Name: www.apcat.org   City: Boulder   State: Colorado
Elevation: 6660 ft  Lat: N 40 03 55   Lon: W 105 19 36

                  Temperature (°F), Rain (in), Wind Speed (mph)

                                      Heat  Cool        Avg
    Mean                              Deg   Deg         Wind                 Dom
Day Temp  High   Time   Low    Time   Days  Days  Rain  Speed High   Time    Dir
----------------------------------------------------------------------------------
01  65.4  77.6   14:34  54.4   04:42   0.0  47.1  0.02   1.4  18.0   19:24     E
02  67.9  78.8   14:58  60.4   05:53   0.0  49.6  0.00   1.3  12.0   15:25   ESE
03  69.0  83.3   12:29  58.2   14:50   0.0  50.7  0.17   2.1  20.0   18:13    SE
04  66.9  79.9   14:47  59.0   06:09   0.0  48.6  0.00   1.5  16.0   17:18   ESE
05  68.4  80.3   15:29  56.6   05:40   0.0  50.1  0.00   1.7  17.0   16:49   ESE
06  62.7  71.7   14:03  55.7   07:35   0.0  44.4  0.00   1.6  10.0   09:46     E
07  67.8  82.1   14:20  55.0   05:06   0.0  49.5  0.00   1.8  15.0   14:09   ESE
08  71.8  85.4   13:57  58.2   06:48   0.0  53.5  0.00   2.4  20.0   13:57   NNE
09  60.9  69.9   01:23  47.0   23:22   0.0  42.6  0.00   2.8  16.0   13:30   NNE
10  59.2  72.9   15:26  44.3   06:47   0.0  40.9  0.00   1.3  13.0   15:50     E
11  72.4  86.1   15:21  61.4   06:27   0.0  54.1  0.00   2.2  20.0   15:05    NW
12  62.0  70.0   00:00  49.5   23:59   0.0  43.6  0.00   2.6  18.0   01:50     E
13  47.8  52.6   17:14  44.0   09:02   0.0  29.5  0.13   0.9  10.0   00:20     E
14  54.3  69.5   15:11  45.5   07:21   0.0  36.0  0.20   1.4  11.0   23:39    SE
15  56.8  67.6   14:41  49.8   06:01   0.0  38.5  0.00   1.7  16.0   16:24     E
16  55.7  65.3   14:34  47.0   05:25   0.0  37.4  0.00   1.5  14.0   10:29   ESE
17  61.2  73.5   13:33  49.0   05:53   0.0  42.9  0.00   2.1  18.0   17:08   ESE
18  70.9  83.2   12:49  60.3   03:01   0.0  52.6  0.00   2.9  16.0   09:26   WNW
19  74.8  86.5   12:02  65.5   04:45   0.0  56.5  0.00   2.4  15.0   14:43   ESE
20  73.8  83.4   14:03  67.5   00:39   0.0  55.6  0.00   1.6  12.0   15:46     N
21  70.0  78.7   10:25  64.2   06:28   0.0  51.7  0.00   1.7  15.0   10:55   ESE
22  58.9  67.1   13:48  50.5   07:11   0.0  40.6  0.00   1.1  10.0   13:34   ESE
23  61.5  75.4   13:49  49.7   23:04   0.0  43.2  0.00   2.3  19.0   18:49     E
24  51.5  62.1   14:15  40.4   03:36   0.0  33.2  0.00   2.9  23.0   15:10   NNW
25  52.9  62.4   13:48  43.2   07:27   0.0  34.6  0.00   1.8  13.0   11:37   ESE
26  59.7  71.4   13:43  48.6   02:03   0.0  41.4  0.00   1.5  13.0   11:23   ESE
27  64.0  75.8   12:46  52.8   05:15   0.0  45.7  0.00   1.5  11.0   13:18   ESE
28  65.6  74.3   12:46  58.5   06:43   0.0  47.3  0.00   2.2  19.0   11:59   ESE
29  63.4  74.8   13:53  51.7   05:44   0.0  45.1  0.00   1.3  10.0   15:13   ESE
30  60.9  67.3   14:37  56.8   06:53   0.0  42.6  0.01   0.9  10.0   14:43   SSE
----------------------------------------------------------------------------------
    63.3  86.5    19    40.4    24     0.01349.1  0.53   1.8  23.0    24       E

Max >=  27.0 30
Max <=   0.0  0
Min <=   0.0  0
Min <= -18.0  0
Max Rain: 0.20 on day 14
Days of Rain: 1 (>= 0.20 in)  0 (>= 2.00 in)  0 (>= 20.00 in)
Heat Base: 18.3  Cool Base: 18.3  Method: Integration