NOAA-Style Climate Reports

Select a Year or Month report
2018: Jan Feb Mar Apr May Jun Jul Aug Sep Oct Nov Dec
2017: Jan Feb Mar Apr May Jun Jul Aug Sep Oct Nov Dec
2016: Jan Feb Mar Apr May Jun Jul Aug Sep Oct Nov Dec

Report for 2016 August
                   Monthly Climatological Summary for Aug 2016

Name: www.apcat.org   City: Boulder   State: Colorado
Elevation: 6660 ft  Lat: N 40 03 55   Lon: W 105 19 36

                  Temperature (°F), Rain (in), Wind Speed (mph)

                                      Heat  Cool        Avg
    Mean                              Deg   Deg         Wind                 Dom
Day Temp  High   Time   Low    Time   Days  Days  Rain  Speed High   Time    Dir
----------------------------------------------------------------------------------
01  78.6  91.7   14:09  64.7   01:17   0.0  60.3  0.00   2.8  15.0   11:15   ESE
02  75.5  89.3   13:42  64.5   23:14   0.0  57.2  0.00   2.5  17.0   12:50   NNW
03  76.3  92.0   14:21  61.0   05:42   0.0  58.0  0.00   2.3  13.0   15:37     E
04  65.8  77.6   03:17  56.3   19:48   0.0  47.5  0.01   2.8  17.0   07:10    SW
05  61.0  71.0   13:19  55.2   03:24   0.0  42.7  0.04   1.0  11.0   12:14   ESE
06  63.3  75.1   16:49  54.8   04:38   0.0  45.0  0.02   1.3  14.0   19:17     E
07  71.0  83.2   14:26  57.5   07:36   0.0  52.7  0.00   2.2  16.0   12:58     E
08  75.9  89.3   13:45  65.0   06:05   0.0  57.6  0.00   2.4  17.0   11:31     E
09  77.2  92.1   13:01  67.0   05:34   0.0  58.9  0.00   2.6  19.0   18:25    NE
10  76.4  92.6   11:16  67.2   02:09   0.0  58.1  0.00   2.1  16.0   18:03     E
11  73.1  85.9   14:09  62.8   23:55   0.0  54.8  0.00   2.1  15.0   12:58     E
12  66.9  77.9   16:00  55.3   06:22   0.0  48.6  0.00   2.1  15.0   13:14     E
13  70.9  83.8   13:40  60.0   02:38   0.0  52.6  0.00   2.3  16.0   12:56   ESE
14  71.6  86.5   15:14  56.8   06:27   0.0  53.3  0.00   2.2  16.0   15:25   ESE
15  76.7  86.7   13:17  65.5   23:58   0.0  58.4  0.00   4.0  19.0   16:25     W
16  69.0  84.2   13:22  57.0   20:17   0.0  50.7  0.11   2.2  20.0   14:30     E
17  73.7  86.4   14:08  62.1   02:11   0.0  55.4  0.00   2.4  15.0   14:57   ESE
18  69.5  84.0   11:13  55.5   23:50   0.0  51.2  0.04   3.6  25.0   12:35   WNW
19  55.6  72.5   13:45  45.0   23:06   0.0  37.3  0.30   1.7  19.0   16:28     E
20  56.5  69.4   15:46  43.6   05:19   0.0  38.2  0.01   1.5  11.0   13:42     E
21  70.1  84.6   14:25  54.8   05:53   0.0  51.8  0.00   1.7  12.0   14:04   ESE
22  74.3  84.3   10:14  66.8   05:49   0.0  56.0  0.00   2.1  14.0   16:23   WNW
23  71.3  80.5   10:24  61.7   23:10   0.0  53.0  0.00   3.6  15.0   16:02   WNW
24  59.8  65.1   01:11  51.1   22:43   0.0  41.5  0.13   1.7  13.0   09:20     E
25  55.1  65.8   13:23  48.2   07:08   0.0  36.8  0.09   1.8  16.0   14:54   ESE
26  60.5  73.8   13:47  50.0   05:32   0.0  42.2  0.00   1.8  16.0   16:28     E
27  67.5  79.0   14:43  55.3   04:38   0.0  49.2  0.00   2.6  15.0   13:37   ESE
28  70.7  83.1   11:46  61.6   23:43   0.0  52.5  0.00   2.4  14.0   12:07    NE
29  64.6  80.2   13:34  52.9   18:49   0.0  46.3  0.67   2.6  24.0   17:47    SE
30  65.1  75.3   13:57  55.5   21:44   0.0  46.8  0.03   2.0  12.0   12:06     E
31  63.3  72.5   14:43  53.9   04:29   0.0  45.0  0.00   1.6  11.0   11:08     E
----------------------------------------------------------------------------------
    68.6  92.6    10    43.6    20     0.01559.6  1.45   2.3  25.0    18       E

Max >=  27.0 31
Max <=   0.0  0
Min <=   0.0  0
Min <= -18.0  0
Max Rain: 0.67 on day 29
Days of Rain: 2 (>= 0.20 in)  0 (>= 2.00 in)  0 (>= 20.00 in)
Heat Base: 18.3  Cool Base: 18.3  Method: Integration