NOAA-Style Climate Reports

Select a Year or Month report
2018: Jan Feb Mar Apr May Jun Jul Aug Sep Oct Nov Dec
2017: Jan Feb Mar Apr May Jun Jul Aug Sep Oct Nov Dec
2016: Jan Feb Mar Apr May Jun Jul Aug Sep Oct Nov Dec

Report for 2016 July
                   Monthly Climatological Summary for Jul 2016

Name: www.apcat.org   City: Boulder   State: Colorado
Elevation: 6660 ft  Lat: N 40 03 55   Lon: W 105 19 36

                  Temperature (°F), Rain (in), Wind Speed (mph)

                                      Heat  Cool        Avg
    Mean                              Deg   Deg         Wind                 Dom
Day Temp  High   Time   Low    Time   Days  Days  Rain  Speed High   Time    Dir
----------------------------------------------------------------------------------
01  62.5  72.3   15:52  56.2   05:42   0.0  44.2  0.02   1.1  11.0   12:43   ESE
02  65.2  75.5   11:03  58.9   03:32   0.0  46.9  0.01   1.4  13.0   14:24   ESE
03  70.7  86.0   12:55  61.2   15:23   0.0  52.4  0.30   2.3  14.0   10:30   WNW
04  75.8  87.8   10:47  66.3   05:51   0.0  57.5  0.00   3.1  16.0   03:13   ENE
05  75.2  89.5   12:46  63.4   23:52   0.0  56.9  0.00   2.6  18.0   13:44    NW
06  76.7  92.9   15:27  61.4   05:04   0.0  58.4  0.00   2.3  24.0   13:10    NE
07  74.0  82.7   15:01  65.0   05:36   0.0  55.7  0.00   2.3  18.0   11:03   ESE
08  72.9  89.4   13:12  57.2   04:47   0.0  54.6  0.00   2.1  16.0   16:51     E
09  81.4  95.3   12:29  66.8   03:05   0.0  63.1  0.00   2.0  15.0   12:46     E
10  83.1  94.8   14:34  73.7   05:47   0.0  64.8  0.00   2.7  23.0   10:51     E
11  74.6  87.7   14:20  66.1   23:59   0.0  56.3  0.00   2.8  21.0   17:04   ENE
12  73.6  90.0   15:23  59.5   05:33   0.0  55.3  0.00   2.6  20.0   14:09     E
13  75.3  86.5   14:35  64.9   05:21   0.0  57.0  0.00   2.2  14.0   13:06     E
14  70.1  80.2   14:52  60.6   05:22   0.0  51.8  0.00   2.6  16.0   12:45   ESE
15  69.5  85.9   09:57  57.5   16:15   0.0  51.2  0.08   2.7  20.0   11:48   ENE
16  72.1  93.5   16:01  57.7   05:40   0.0  53.6  0.01   1.8  20.0   13:17     E
17  75.2  85.8   14:06  64.1   23:52   0.0  56.9  0.00   2.5  20.0   19:59   ENE
18  71.2  87.2   12:16  60.5   02:14   0.0  52.9  0.19   1.9  16.0   16:34   ESE
19  72.7  87.2   13:47  61.9   18:47   0.0  54.4  0.20   2.3  15.0   11:48   ESE
20  76.7  91.1   13:39  67.5   01:27   0.0  58.4  0.00   2.2  16.0   15:40     E
21  78.5  91.8   13:48  68.6   00:24   0.0  60.2  0.01   2.8  17.0   12:42     E
22  80.7  93.1   15:02  71.4   06:18   0.0  62.4  0.00   2.5  16.0   14:17     E
23  80.6  93.6   15:13  68.9   23:59   0.0  62.3  0.00   2.7  16.0   17:59     E
24  71.7  87.5   13:12  59.2   23:57   0.0  53.4  0.06   2.0  14.0   15:51     N
25  71.5  82.1   17:00  56.6   02:33   0.0  53.2  0.00   1.5  11.0   13:00   ESE
26  77.3  89.2   13:56  68.6   03:47   0.0  59.1  0.00   1.9  17.0   15:26     E
27  75.1  85.3   16:13  64.6   05:08   0.0  56.8  0.00   2.2  15.0   18:28     E
28  69.3  79.3   11:35  60.2   05:52   0.0  51.0  0.00   2.2  18.0   12:05     E
29  69.4  80.6   16:01  60.6   05:45   0.0  51.1  0.00   2.5  18.0   20:19     E
30  72.0  86.2   15:31  58.4   04:22   0.0  53.7  0.00   2.0  15.0   12:05   ESE
31  75.9  91.7   14:28  64.2   17:35   0.0  57.6  0.01   2.8  30.0   16:15     E
----------------------------------------------------------------------------------
    73.9  95.3     9    56.2     1     0.01723.1  0.89   2.3  30.0    31       E

Max >=  27.0 31
Max <=   0.0  0
Min <=   0.0  0
Min <= -18.0  0
Max Rain: 0.30 on day 3
Days of Rain: 2 (>= 0.20 in)  0 (>= 2.00 in)  0 (>= 20.00 in)
Heat Base: 18.3  Cool Base: 18.3  Method: Integration