NOAA-Style Climate Reports

Select a Year or Month report
2018: Jan Feb Mar Apr May Jun Jul Aug Sep Oct Nov Dec
2017: Jan Feb Mar Apr May Jun Jul Aug Sep Oct Nov Dec
2016: Jan Feb Mar Apr May Jun Jul Aug Sep Oct Nov Dec

Report for 2016 June
                   Monthly Climatological Summary for Jun 2016

Name: www.apcat.org   City: Boulder   State: Colorado
Elevation: 6660 ft  Lat: N 40 03 55   Lon: W 105 19 36

                  Temperature (°F), Rain (in), Wind Speed (mph)

                                      Heat  Cool        Avg
    Mean                              Deg   Deg         Wind                 Dom
Day Temp  High   Time   Low    Time   Days  Days  Rain  Speed High   Time    Dir
----------------------------------------------------------------------------------
01  56.7  66.5   16:33  44.9   05:07   0.0  38.4  0.19   1.9  18.0   01:11   ENE
02  66.0  78.1   14:17  52.6   03:22   0.0  47.7  0.00   1.8  14.0   14:25   ESE
03  67.6  74.9   16:30  61.0   23:43   0.0  49.3  0.00   2.8  15.0   14:07     N
04  64.6  73.7   15:42  54.1   05:49   0.0  46.3  0.00   2.1  13.0   13:49     E
05  67.3  78.6   14:09  56.9   04:02   0.0  49.0  0.00   1.6  12.0   12:35     E
06  66.0  79.6   13:55  54.8   23:54   0.0  47.7  0.11   2.3  23.0   15:49     E
07  64.6  75.0   14:13  51.7   05:25   0.0  46.3  0.00   2.1  12.0   14:45   ESE
08  69.1  79.5   13:28  61.8   17:00   0.0  50.8  0.00   2.6  14.0   12:38   SSW
09  73.9  86.2   13:12  56.0   19:50   0.0  55.6  0.28   3.8  26.0   19:37     W
10  77.6  87.6   15:26  69.3   01:35   0.0  59.3  0.00   1.8  11.0   12:55   ESE
11  73.8  87.4   13:26  63.7   03:40   0.0  55.5  0.00   3.2  16.0   14:08   WNW
12  68.9  82.1   15:40  57.7   21:46   0.0  50.6  0.07   2.3  16.0   17:13   WSW
13  60.7  72.9   13:11  53.8   05:15   0.0  42.4  0.00   1.7  14.0   12:24   ESE
14  65.9  77.9   16:53  54.2   02:27   0.0  47.6  0.00   3.5  18.0   10:53   WNW
15  74.5  85.7   13:22  61.4   02:52   0.0  56.2  0.00   2.7  15.0   12:23     E
16  78.0  89.0   14:31  66.1   05:43   0.0  59.7  0.00   2.9  20.0   11:35   ESE
17  75.6  86.7   13:54  68.4   23:28   0.0  57.3  0.01   3.0  16.0   17:12     E
18  74.0  85.6   16:23  59.1   05:01   0.0  55.7  0.00   2.0  16.0   08:30     E
19  81.1  96.0   12:56  68.5   04:04   0.0  62.8  0.00   2.1  14.0   09:06    NE
20  68.6  74.9   00:22  62.0   12:50   0.0  50.3  0.00   1.6  13.0   09:39   ESE
21  79.2  96.9   15:14  59.3   05:44   0.0  60.9  0.01   1.9  16.0   13:43   NNW
22  71.9  79.9   00:29  61.1   20:39   0.0  53.6  0.03   2.8  16.0   05:47   ENE
23  72.2  85.3   14:12  64.1   22:32   0.0  50.9  0.00   2.3  23.0   22:09   NNW
24  75.3  91.0   14:06  62.3   01:19   0.0  57.2  0.00   1.8  14.0   15:03    NE
25  72.6  83.7   13:05  62.9   00:00   0.0  54.4  0.00   2.4  20.0   14:30   ESE
26  74.3  86.0   14:00  61.7   04:30   0.0  55.1  0.00   2.2  14.0   13:30     E
27  75.6  85.7   13:59  64.9   23:59   0.0  57.2  0.00   2.6  14.0   18:28     E
28  70.4  87.9   16:04  56.9   05:50   0.0  52.1  0.14   1.8  17.0   23:18     E
29  66.9  81.6   12:18  51.2   05:20   0.0  48.6  0.05   2.1  17.0   20:04    NW
30  63.7  75.3   12:58  57.9   23:59   0.0  45.4  0.01   2.0  16.0   03:25   WNW
----------------------------------------------------------------------------------
    70.6  96.9    21    44.9     1     0.01563.9  0.90   2.3  26.0     9     ENE

Max >=  27.0 30
Max <=   0.0  0
Min <=   0.0  0
Min <= -18.0  0
Max Rain: 0.28 on day 9
Days of Rain: 1 (>= 0.20 in)  0 (>= 2.00 in)  0 (>= 20.00 in)
Heat Base: 18.3  Cool Base: 18.3  Method: Integration