NOAA-Style Climate Reports

Select a Year or Month report
2018: Jan Feb Mar Apr May Jun Jul Aug Sep Oct Nov Dec
2017: Jan Feb Mar Apr May Jun Jul Aug Sep Oct Nov Dec
2016: Jan Feb Mar Apr May Jun Jul Aug Sep Oct Nov Dec

Report for 2016 May
                   Monthly Climatological Summary for May 2016

Name: www.apcat.org   City: Boulder   State: Colorado
Elevation: 6660 ft  Lat: N 40 03 55   Lon: W 105 19 36

                  Temperature (°F), Rain (in), Wind Speed (mph)

                                      Heat  Cool        Avg
    Mean                              Deg   Deg         Wind                 Dom
Day Temp  High   Time   Low    Time   Days  Days  Rain  Speed High   Time    Dir
----------------------------------------------------------------------------------
01  31.7  36.4   16:10  29.2   06:22   0.0  13.4  0.00   1.1   9.0   02:23   NNW
02  41.6  51.7   16:24  27.7   05:24   0.0  23.4  0.00   1.3  10.0   15:04   ESE
03  52.3  61.8   15:38  42.4   04:00   0.0  34.0  0.10   2.9  16.0   11:06   ESE
04  59.7  70.0   14:02  50.6   06:15   0.0  41.4  0.01   2.1  15.0   15:24   ESE
05  65.4  75.8   13:55  54.0   03:39   0.0  47.1  0.00   2.3  18.0   14:33   ESE
06  62.1  72.6   14:00  54.0   23:59   0.0  43.8  0.03   2.4  16.0   15:41   WSW
07  45.9  55.1   00:27  37.7   22:54   0.0  27.6  0.61   2.8  22.0   17:02    NW
08  44.9  54.9   13:28  37.8   03:15   0.0  26.5  0.01   1.8  17.0   17:21   ESE
09  50.8  63.2   14:06  38.4   05:32   0.0  32.5  0.09   2.7  20.0   15:26   WNW
10  52.1  63.8   14:19  43.1   23:49   0.0  33.7  0.01   2.8  27.0   16:24     E
11  47.5  62.1   13:50  37.9   04:08   0.0  29.2  0.00   1.9  17.0   13:38     E
12  52.5  66.6   15:23  37.0   05:48   0.0  34.2  0.00   1.9  13.0   15:03     E
13  55.7  67.7   10:06  43.4   23:54   0.0  37.4  0.00   3.3  20.0   11:52     E
14  38.9  43.5   00:00  36.1   07:09   0.0  20.6  0.10   1.4  10.0   01:57    NE
15  40.9  50.9   15:01  34.5   03:30   0.0  22.6  0.22   1.2   8.0   13:46   ESE
16  38.8  43.4   00:00  34.4   23:39   0.0  20.5  0.48   1.2  12.0   16:50   NNE
17  37.0  40.0   18:14  33.6   06:42   0.0  18.7  0.05   0.8   7.0   12:27   ESE
18  48.1  59.5   15:58  38.0   06:23   0.0  29.8  0.00   1.5  14.0   14:37     E
19  58.4  68.9   14:21  48.3   01:18   0.0  40.2  0.03   2.3  14.0   14:59   ESE
20  63.9  73.7   15:03  55.0   01:01   0.0  45.6  0.00   2.1  17.0   16:31   ESE
21  64.5  73.2   16:01  54.8   04:55   0.0  46.2  0.00   1.8  12.0   13:35     E
22  60.3  66.6   13:50  51.6   06:06   0.0  42.0  0.00   2.6  21.0   23:45     E
23  52.4  63.3   13:15  43.4   05:35   0.0  34.1  0.04   2.3  16.0   00:42   ESE
24  56.2  65.9   14:36  46.3   05:46   0.0  37.9  0.00   2.1  13.0   12:00   ENE
25  57.5  66.0   14:21  48.0   06:01   0.0  39.2  0.00   2.6  17.0   08:16   ESE
26  51.4  63.0   09:46  44.6   22:25   0.0  33.1  0.00   2.0  15.0   15:08    NW
27  49.5  58.8   14:35  43.1   22:01   0.0  31.2  0.26   2.7  17.0   15:07   WSW
28  55.8  67.0   16:01  43.8   00:00   0.0  37.5  0.00   2.3  14.0   17:08    NW
29  60.6  71.5   15:35  51.1   01:41   0.0  42.3  0.00   2.0  17.0   16:12     E
30  62.4  75.5   12:09  53.0   03:15   0.0  44.1  0.00   2.6  25.0   15:40    NW
31  53.6  62.7   13:55  45.4   03:32   0.0  35.2  0.00   1.9  14.0   00:57     E
----------------------------------------------------------------------------------
    52.0  75.8     5    27.7     2     0.01045.0  2.04   2.1  27.0    10       E

Max >=  27.0 31
Max <=   0.0  0
Min <=   0.0  0
Min <= -18.0  0
Max Rain: 0.61 on day 7
Days of Rain: 4 (>= 0.20 in)  0 (>= 2.00 in)  0 (>= 20.00 in)
Heat Base: 18.3  Cool Base: 18.3  Method: Integration