NOAA-Style Climate Reports

Select a Year or Month report
2018: Jan Feb Mar Apr May Jun Jul Aug Sep Oct Nov Dec
2017: Jan Feb Mar Apr May Jun Jul Aug Sep Oct Nov Dec
2016: Jan Feb Mar Apr May Jun Jul Aug Sep Oct Nov Dec

Report for 2016 April
                   Monthly Climatological Summary for Apr 2016

Name: www.apcat.org   City: Boulder   State: Colorado
Elevation: 6660 ft  Lat: N 40 03 55   Lon: W 105 19 36

                  Temperature (°F), Rain (in), Wind Speed (mph)

                                      Heat  Cool        Avg
    Mean                              Deg   Deg         Wind                 Dom
Day Temp  High   Time   Low    Time   Days  Days  Rain  Speed High   Time    Dir
----------------------------------------------------------------------------------
01  35.7  43.6   14:41  25.9   06:00   0.0  17.4  0.00   2.3  12.0   09:25   ESE
02  47.6  57.2   14:44  34.7   01:52   0.0  29.4  0.00   3.4  15.0   12:24   WSW
03  53.1  62.9   13:06  45.1   01:39   0.0  34.8  0.00   3.6  18.0   03:07   WNW
04  56.0  67.1   15:40  46.0   01:36   0.0  37.0  0.00   1.9  15.0   16:51    NE
05  47.9  60.1   11:40  39.7   22:58   0.0  29.4  0.00  ----  34.0   17:39    NW
06  50.8  62.6   13:25  36.9   01:32   0.0  32.0  0.00  ----  37.0   08:06    NW
07  49.9  57.8   15:11  41.2   06:20   0.0  31.6  0.00  ----  18.0   00:05    NE
08  50.4  60.4   14:16  40.9   01:30   0.0  32.1  0.00  ----  16.0   14:54   ESE
09  55.0  68.3   14:21  45.1   05:22   0.0  36.7  0.00  ----  22.0   23:26    NW
10  49.7  59.3   15:51  35.4   23:03   0.0  31.4  0.08  ----  27.0   06:00    NW
11  40.5  47.6   16:32  35.2   02:41   0.0  22.2  0.03  ----   8.0   15:19   ESE
12  53.2  65.2   13:03  44.6   03:07   0.0  34.9  0.00  ----  17.0   17:18   WNW
13  58.1  69.0   13:22  48.3   05:21   0.0  39.8  0.00  ----  14.0   14:45    SE
14  59.4  70.4   13:28  51.4   02:43   0.0  41.1  0.00  ----  18.0   17:27     E
15  41.5  54.4   00:33  32.4   23:43   0.0  23.1  0.13  ----  11.0   10:30    SE
16  31.1  32.6   00:34  30.1   12:36   0.0  12.8  0.00  ----  13.0   08:51    NW
17  29.5  35.5   15:07  27.3   22:36   0.0  10.9  0.09  ----  12.0   22:10     E
18  31.6  37.5   16:32  26.8   03:54   0.0  13.2  0.51  ----   7.0   00:27    SE
19  36.9  43.8   15:17  31.4   02:39   0.0  18.6  0.24  ----  10.0   14:00   ESE
20  42.8  50.6   21:07  33.6   06:28   0.0  24.4  0.00  ----  11.0   22:42    SE
21  49.9  57.7   13:57  40.8   06:27   0.0  31.6  0.00  ----  12.0   14:47    SE
22  58.9  70.3   13:54  46.2   04:21   0.0  40.6  0.00  ----  12.0   14:00   ESE
23  58.6  72.4   14:09  45.1   20:50   0.0  40.3  0.37  ----  33.0   21:52     E
24  49.0  54.9   14:34  42.4   06:22   0.0  30.3  0.21  ----  18.0   11:19   ENE
25  51.8  61.6   14:15  42.5   04:36   0.0  33.5  0.12  ----  19.0   19:02   NNE
26  38.0  48.1   00:01  30.5   23:58   0.0  19.7  0.04  ----  18.0   11:26   ESE
27  37.9  49.1   15:22  27.9   05:38   0.0  19.6  0.01  ----  18.0   07:23     E
28  31.8  34.4   00:00  30.6   08:12   0.0  13.5  0.01  ----  11.0   00:03   ESE
29  31.4  32.7   00:00  30.2   21:29   0.0  13.1  0.00  ----   8.0   16:55   ESE
30  30.9  33.4   13:02  28.9   05:57   0.0  12.6  0.00  ----  15.0   16:28     E
----------------------------------------------------------------------------------
    45.3  72.4    23    25.9     1     0.0 807.6  1.84   2.9  37.0     6       W

Max >=  27.0 30
Max <=   0.0  0
Min <=   0.0  0
Min <= -18.0  0
Max Rain: 0.51 on day 18
Days of Rain: 4 (>= 0.20 in)  0 (>= 2.00 in)  0 (>= 20.00 in)
Heat Base: 18.3  Cool Base: 18.3  Method: Integration