NOAA-Style Climate Reports

Select a Year or Month report
2018: Jan Feb Mar Apr May Jun Jul Aug Sep Oct Nov Dec
2017: Jan Feb Mar Apr May Jun Jul Aug Sep Oct Nov Dec
2016: Jan Feb Mar Apr May Jun Jul Aug Sep Oct Nov Dec

Report for 2016
                   Annual Climatological Summary for 2016

Name: www.apcat.org   City: Boulder   State: Colorado
Elevation: 6660 ft  Lat: N 40 03 55   Lon: W 105 19 36

                  Temperature (°F), Heat Base: 18.3  Cool Base: 18.3
                          Dep.  Heat  Cool                       Max  Max  Min  Min
        Mean  Mean        From  Deg   Deg                        >=   <=   <=   <=
 YR MO  Max   Min   Mean  Norm  Days  Days  Hi  Date  Low  Date 27.0  0.0  0.0 -18.0
------------------------------------------------------------------------------------
 16  1  42.9  27.2  34.7   0.0     3   511  58.2  23  11.3    1   31    0    0    0
 16  2  47.6  29.8  39.0   0.0     4   603  64.5  18  11.9    3   26    0    0    0
 16  3  49.1  32.1  40.4   0.0     0   681  65.7  11  15.7   18   29    0    0    0
 16  4  54.0  37.2  45.3   0.0     0   808  72.4  23  25.9    1   30    0    0    0
 16  5  61.8  43.2  52.0   0.0     0  1045  75.8   5  27.7    2   31    0    0    0
 16  6  82.4  59.3  70.6   0.0     0  1564  96.9  21  44.9    1   30    0    0    0
 16  7  87.2  63.0  73.9   0.0     0  1723  95.3   9  56.2    1   31    0    0    0
 16  8  81.1  57.7  68.6   0.0     0  1560  92.6  10  43.6   20   31    0    0    0
 16  9  74.3  53.5  63.3   0.0     0  1349  86.5  19  40.4   24   30    0    0    0
 16 10  67.4  47.6  57.1   0.0     0  1203  78.1  16  32.3   12   31    0    0    0
 16 11  55.1  38.4  46.3   0.0     0   841  74.2  16  19.9   18   30    0    0    0
 16 12  39.5  19.2  29.7   0.0    60   413  58.1  30  -6.0   17   25    0    2    0
------------------------------------------------------------------------------------
        61.9  42.3  51.7   0.0    67 12299  96.9 Jun  -6.0  Dec  355    0    2    0

                                Precipitation (in)

              Dep.   Max        Days of Rain
              From   Obs.           >=
 YR MO Total  Norm   Day Date 0.20 2.0020.00
---------------------------------------------
 16  1  0.25   0.0  0.09   9     0    0    0
 16  2  3.81   0.0  3.30  15     2    1    0
 16  3  1.92   0.0  0.97  24     3    0    0
 16  4  1.84   0.0  0.51  18     4    0    0
 16  5  2.04   0.0  0.61   7     4    0    0
 16  6  0.90   0.0  0.28   9     1    0    0
 16  7  0.89   0.0  0.30   3     2    0    0
 16  8  1.45   0.0  0.67  29     2    0    0
 16  9  0.53   0.0  0.20  14     1    0    0
 16 10  0.42   0.0  0.17   6     0    0    0
 16 11  0.45   0.0  0.21  18     1    0    0
 16 12  0.78   0.0  0.30   9     1    0    0
---------------------------------------------
       15.28   0.0  3.30  Feb   21    1    0

                                Wind Speed (mph)
                          Dom
 YR MO   Avg.  Hi   Date  Dir
------------------------------
 16  1   2.1  30.0   30    NW
 16  2   3.0  37.0   15   NNW
 16  3   2.2  35.0   14    NW
 16  4   2.2  37.0    6   NNE
 16  5   2.1  27.0   10     E
 16  6   2.3  26.0    9     E
 16  7   2.3  30.0   31     E
 16  8   2.3  25.0   18     E
 16  9   1.8  23.0   24     E
 16 10   2.0  38.0   17   ENE
 16 11   2.0  33.0   20    NW
 16 12   2.2  38.0   21   NNE
------------------------------
         2.2  38.0  Oct    NE