NOAA-Style Climate Reports

Select a Year or Month report
2018: Jan Feb Mar Apr May Jun Jul Aug Sep Oct Nov Dec
2017: Jan Feb Mar Apr May Jun Jul Aug Sep Oct Nov Dec
2016: Jan Feb Mar Apr May Jun Jul Aug Sep Oct Nov Dec

Report for 2018 February
                   Monthly Climatological Summary for Feb 2018

Name: www.boulderwx.com   City: Boulder   State: Colorado
Elevation: 6660 ft  Lat: N 40 03 55   Lon: W 105 19 36

                  Temperature (°F), Rain (in), Wind Speed (mph)

                                      Heat  Cool        Avg
    Mean                              Deg   Deg         Wind                 Dom
Day Temp  High   Time   Low    Time   Days  Days  Rain  Speed High   Time    Dir
----------------------------------------------------------------------------------
01  22.3  24.3   19:29  20.7   05:10  17.7   0.0  0.00   0.8   7.0   13:08   ESE
02  38.6  50.7   12:41  21.3   03:05   4.3   0.0  0.10   1.8  17.0   22:52   WSW
03  44.7  52.3   11:36  40.9   18:40   0.0   0.0  0.00   4.3  35.0   13:11   WNW
04  26.4  46.6   23:43  13.4   10:02  14.4   0.0  0.00   2.7  22.0   00:33     N
05  36.3  47.1   11:38  21.0   23:35   5.6   0.0  0.03   3.1  34.0   03:39    NW
06  31.3  45.2   11:50  18.8   05:29   9.0   0.0  0.01   1.8  19.0   15:23   WNW
07  37.1  46.9   12:38  21.5   05:50   5.1   0.0  0.00   2.9  26.0   13:34   WNW
08  45.8  51.5   14:45  39.6   01:48   0.0   0.0  0.00   4.5  32.0   11:34    NW
09  25.6  47.6   00:00   9.1   23:45  15.4   0.0  0.00   1.8  18.0   12:15   ENE
10  12.2  18.8   17:59   7.5   03:42  27.8   0.0  0.00   0.1   4.0   14:31   ESE
11  26.0  41.3   11:53  12.9   00:31  14.0   0.0  0.20   0.8  13.0   14:59   NNW
12  15.1  28.8   23:45  11.5   08:34  24.9   0.0  0.00   0.9  10.0   06:55   ESE
13  39.9  50.5   14:01  26.3   01:04   3.2   0.0  0.02   2.5  24.0   17:12     E
14  46.6  54.9   14:13  41.2   23:00   0.0   0.0  0.00   4.0  29.0   10:31   NNE
15  35.4  44.6   09:44  17.1   23:40   5.3   0.0  0.00   2.5  22.0   13:33    NE
16  26.6  39.1   17:39  12.7   06:36  13.4   0.0  0.06   2.3  25.0   22:50    NE
17  40.0  61.6   12:04  30.4   06:15   2.8   0.0  0.01   2.9  27.0   01:19   NNW
18  46.7  60.0   12:04  22.0   23:51   2.2   0.0  0.02   2.7  42.0   19:33    NE
----------------------------------------------------------------------------------
    33.1  61.6    17     7.5    10   165.1   0.0  0.45   2.3  42.0    18       N

Max >=  27.0 16
Max <=   0.0  0
Min <=   0.0  0
Min <= -18.0  0
Max Rain: 0.20 on day 11
Days of Rain: 1 (>= 0.20 in)  0 (>= 2.00 in)  0 (>= 20.00 in)
Heat Base: 40.0  Cool Base: 80.0  Method: Integration