NOAA-Style Climate Reports

Select a Year or Month report
2018: Jan Feb Mar Apr May Jun Jul Aug Sep Oct Nov Dec
2017: Jan Feb Mar Apr May Jun Jul Aug Sep Oct Nov Dec
2016: Jan Feb Mar Apr May Jun Jul Aug Sep Oct Nov Dec

Report for 2018 October
                   Monthly Climatological Summary for Oct 2018

Name: www.boulderwx.com   City: Boulder   State: Colorado
Elevation: 6660 ft  Lat: N 40 03 55   Lon: W 105 19 36

                  Temperature (°F), Rain (in), Wind Speed (mph)

                                      Heat  Cool        Avg
    Mean                              Deg   Deg         Wind                 Dom
Day Temp  High   Time   Low    Time   Days  Days  Rain  Speed High   Time    Dir
----------------------------------------------------------------------------------
01  53.8  65.0   13:24  38.4   02:48   0.1   0.0  0.00   1.8  12.0   08:03   WSW
02  66.1  73.5   16:07  59.9   02:48   0.0   0.0  0.00   3.4  30.0   16:41    SW
03  64.8  77.8   13:15  45.6   23:58   0.0   0.0  0.01   5.7  43.0   18:57    NW
04  47.3  61.0   16:39  41.2   05:16   0.0   0.0  0.15   2.2  23.0   16:39   SSE
05  52.2  67.3   14:06  35.2   23:55   0.5   0.0  0.09   4.6  29.0   15:09   SSE
06  39.9  46.3   19:08  34.3   02:57   2.3   0.0  0.03   1.4  11.0   01:02    SE
07  38.1  43.5   00:00  34.7   07:48   2.2   0.0  0.16   1.9  12.0   11:27   ESE
08  33.6  36.5   00:06  32.4   20:30   6.4   0.0  0.17   2.4  12.0   10:07     E
09  31.9  34.3   01:18  30.0   23:58   8.1   0.0  0.09   2.1  14.0   01:53    SE
10  28.2  30.0   00:00  26.9   06:22  11.8   0.0  0.00   0.8   9.0   00:40    SE
11  31.7  36.4   20:37  28.9   00:00   8.3   0.0  0.12   0.5  12.0   19:55     W
12  44.3  54.1   17:18  32.2   07:53   1.4   0.0  0.17   3.2  24.0   05:10    SW
13  48.6  58.5   15:04  23.2   23:59   1.4   0.0  0.00   4.6  24.0   19:20   ESE
14  18.1  23.2   00:00  15.3   08:05  21.9   0.0  0.00   3.2  15.0   04:12    SE
15  28.6  37.4   23:28  17.0   00:00  11.4   0.0  0.28   2.4  10.0   05:19    SW
16  43.3  48.8   14:55  36.4   00:00   0.4   0.0  0.01   2.9  15.0   13:57     S
17  46.6  54.2   16:24  40.6   05:57   0.0   0.0  0.00   3.2  18.0   10:34     S
18  50.7  59.0   13:36  42.1   06:47   0.0   0.0  0.00   3.1  21.0   20:32   WNW
19  53.7  59.9   15:11  48.5   03:50   0.0   0.0  0.00   5.3  20.0   03:53   NNW
20  55.7  62.3   15:05  48.5   00:34   0.0   0.0  0.00   2.8  14.0   14:55     S
----------------------------------------------------------------------------------
    43.9  77.8     3    15.3    14    76.2   0.0  1.28   2.9  43.0     3       S

Max >=  27.0 19
Max <=   0.0  0
Min <=   0.0  0
Min <= -18.0  0
Max Rain: 0.28 on day 15
Days of Rain: 1 (>= 0.20 in)  0 (>= 2.00 in)  0 (>= 20.00 in)
Heat Base: 40.0  Cool Base: 80.0  Method: Integration